-- https://www.phpmyadmin.net/
--

START TRANSACTION;



--
-- Database: `reddsis_dev`
--

-- --------------------------------------------------------

--
-- Table structure for table `activity_log`
--

CREATE TABLE `activity_log` (
  `id` bigint UNSIGNED NOT NULL,
  `log_name` varchar(255) COLLATE utf8mb4_unicode_ci DEFAULT NULL,
  `description` text COLLATE utf8mb4_unicode_ci NOT NULL,
  `subject_type` varchar(255) COLLATE utf8mb4_unicode_ci DEFAULT NULL,
  `subject_id` bigint UNSIGNED DEFAULT NULL,
  `event` varchar(255) COLLATE utf8mb4_unicode_ci DEFAULT NULL,
  `causer_type` varchar(255) COLLATE utf8mb4_unicode_ci DEFAULT NULL,
  `causer_id` bigint UNSIGNED DEFAULT NULL,
  `attribute_changes` json DEFAULT NULL,
  `properties` json DEFAULT NULL,
  `url` varchar(255) COLLATE utf8mb4_unicode_ci DEFAULT NULL,
  `ip_address` varchar(45) COLLATE utf8mb4_unicode_ci DEFAULT NULL,
  `user_agent` text COLLATE utf8mb4_unicode_ci,
  `created_at` timestamp NULL DEFAULT NULL,
  `updated_at` timestamp NULL DEFAULT NULL
) ENGINE=InnoDB DEFAULT CHARSET=utf8mb4 COLLATE=utf8mb4_unicode_ci;

--
-- Dumping data for table `activity_log`
--

INSERT INTO `activity_log` (`id`, `log_name`, `description`, `subject_type`, `subject_id`, `event`, `causer_type`, `causer_id`, `attribute_changes`, `properties`, `url`, `ip_address`, `user_agent`, `created_at`, `updated_at`) VALUES
(3, 'Backend User Seeder', 'Backend user seeded successfully', 'App\\Models\\Backend\\BackendUser', 1, 'seeded', 'App\\Models\\Backend\\BackendUser', 1, '{\"old\": {\"email\": \"superadmin@example.com\", \"username\": \"superadmin\", \"is_active\": true, \"last_name\": \"Admin\", \"first_name\": \"Super\", \"last_login_at\": \"2026-05-18T18:20:51.735789Z\"}, \"attributes\": {\"email\": \"superadmin@example.com\", \"username\": \"superadmin\", \"is_active\": true, \"last_name\": \"Admin\", \"first_name\": \"Super\", \"last_login_at\": \"2026-05-18T18:20:51.735807Z\"}}', '[]', 'http://localhost', '127.0.0.1', 'Symfony', '2026-05-18 18:20:51', '2026-05-18 18:20:51'),
(4, 'Backend User Seeder', 'Frontend user seeded successfully', 'App\\Models\\Backend\\FrontendUser', 1, 'seeded', 'App\\Models\\Backend\\FrontendUser', 1, '{\"old\": {\"email\": \"frontenduser@example.com\", \"username\": \"frontenduser\", \"is_active\": true, \"last_name\": \"User\", \"first_name\": \"Frontend\", \"last_login_at\": \"2026-05-18T18:20:52.147624Z\"}, \"attributes\": {\"email\": \"frontenduser@example.com\", \"username\": \"frontenduser\", \"is_active\": true, \"last_name\": \"User\", \"first_name\": \"Frontend\", \"last_login_at\": \"2026-05-18T18:20:52.147632Z\"}}', '[]', 'http://localhost', '127.0.0.1', 'Symfony', '2026-05-18 18:20:52', '2026-05-18 18:20:52');

-- --------------------------------------------------------

--
-- Table structure for table `backend_menu`
--

CREATE TABLE `backend_menu` (
  `menu_id` bigint UNSIGNED NOT NULL,
  `menu_name` varchar(255) COLLATE utf8mb4_unicode_ci NOT NULL,
  `menu_param` varchar(255) COLLATE utf8mb4_unicode_ci DEFAULT NULL,
  `menu_class` varchar(50) COLLATE utf8mb4_unicode_ci DEFAULT NULL,
  `menu_link` varchar(255) COLLATE utf8mb4_unicode_ci DEFAULT NULL,
  `menu_active_route` text COLLATE utf8mb4_unicode_ci NOT NULL,
  `menu_parent_id` int NOT NULL DEFAULT '0',
  `menu_status` tinyint(1) DEFAULT NULL,
  `created_at` timestamp NULL DEFAULT NULL,
  `updated_at` timestamp NULL DEFAULT NULL
) ENGINE=InnoDB DEFAULT CHARSET=utf8mb4 COLLATE=utf8mb4_unicode_ci;

--
-- Dumping data for table `backend_menu`
--

INSERT INTO `backend_menu` (`menu_id`, `menu_name`, `menu_param`, `menu_class`, `menu_link`, `menu_active_route`, `menu_parent_id`, `menu_status`, `created_at`, `updated_at`) VALUES
(1, 'Backend', NULL, 'menu-icon-backend', '#', '[\"backend-user.index\",\"backend-user.create\",\"backend-user.edit\",\"roles.index\",\"roles.create\",\"roles.edit\",\"permissions.index\",\"permissions.create\",\"permissions.edit\",\"auto-permissions.index\",\"admin.routes.index\",\"admin.routes.create\",\"admin.routes.edit\",\"backend-menu.index\",\"backend-menu.create\",\"backend-menu.edit\",\"backend-menu.assign\",\"ref.index\",\"ref.create\",\"ref.edit\",\"activity-log.index\",\"visitor.index\"]', 0, 1, '2026-05-18 18:20:53', '2026-05-18 18:20:53'),
(2, 'User', NULL, NULL, 'backend-user.index', '[\"backend-user.index\",\"backend-user.create\",\"backend-user.edit\"]', 1, 1, '2026-05-18 18:20:53', '2026-05-18 18:20:53'),
(3, 'Roles & Permissions', NULL, NULL, '#', '[\"roles.index\",\"roles.create\",\"roles.edit\",\"permissions.index\",\"permissions.create\",\"permissions.edit\",\"auto-permissions.index\"]', 1, 1, '2026-05-18 18:20:53', '2026-05-18 18:20:53'),
(4, 'Roles', NULL, NULL, 'roles.index', '[\"roles.index\",\"roles.create\",\"roles.edit\"]', 3, 1, '2026-05-18 18:20:53', '2026-05-18 18:20:53'),
(5, 'Permissions', NULL, NULL, 'permissions.index', '[\"permissions.index\",\"permissions.create\",\"permissions.edit\"]', 3, 1, '2026-05-18 18:20:53', '2026-05-18 18:20:53'),
(6, 'Auto Permissions', NULL, NULL, 'auto-permissions.index', '[\"auto-permissions.index\"]', 3, 1, '2026-05-18 18:20:53', '2026-05-18 18:20:53'),
(7, 'Routes', NULL, NULL, 'admin.routes.index', '[\"admin.routes.index\",\"admin.routes.create\",\"admin.routes.edit\"]', 1, 1, '2026-05-18 18:20:53', '2026-05-18 18:20:53'),
(8, 'Menu', NULL, NULL, 'backend-menu.index', '[\"backend-menu.index\",\"backend-menu.create\",\"backend-menu.edit\"]', 1, 1, '2026-05-18 18:20:53', '2026-05-18 18:20:53'),
(9, 'Assign Menu', NULL, NULL, 'backend-menu.assign', '[\"backend-menu.assign\"]', 1, 1, '2026-05-18 18:20:53', '2026-05-18 18:20:53'),
(10, 'Parameter', NULL, NULL, 'ref.index', '[\"ref.index\",\"ref.create\",\"ref.edit\"]', 1, 1, '2026-05-18 18:20:53', '2026-05-18 18:20:53'),
(11, 'Activity Log', NULL, NULL, 'activity-log.index', '[\"activity-log.index\"]', 1, 1, '2026-05-18 18:20:53', '2026-05-18 18:20:53'),
(12, 'Visitor', NULL, NULL, 'visitor.index', '[\"visitor.index\"]', 1, 1, '2026-05-18 18:20:53', '2026-05-18 18:20:53'),
(13, 'Frontend', NULL, 'menu-icon-frontend', '#', '[\"frontend-user.index\",\"frontend-user.create\",\"frontend-user.edit\",\"file-manager.index\",\"frontend-menu.index\",\"frontend-menu.create\",\"frontend-menu.edit\",\"frontend-menu.assign\",\"menu-category.index\",\"menu-category.create\",\"menu-category.edit\"]', 0, 1, '2026-05-18 18:20:53', '2026-05-18 18:20:53'),
(14, 'User', NULL, NULL, 'frontend-user.index', '[\"frontend-user.index\",\"frontend-user.create\",\"frontend-user.edit\"]', 13, 1, '2026-05-18 18:20:53', '2026-05-18 18:20:53'),
(15, 'File Manager', NULL, NULL, 'file-manager.index', '[\"file-manager.index\"]', 13, 1, '2026-05-18 18:20:53', '2026-05-18 18:20:53'),
(16, 'Menu', NULL, NULL, 'frontend-menu.index', '[\"frontend-menu.index\",\"frontend-menu.create\",\"frontend-menu.edit\"]', 13, 1, '2026-05-18 18:20:53', '2026-05-18 18:20:53'),
(17, 'Assign Menu', NULL, NULL, 'frontend-menu.assign', '[\"frontend-menu.assign\"]', 13, 1, '2026-05-18 18:20:53', '2026-05-18 18:20:53'),
(18, 'Content', NULL, 'menu-icon-content', '#', '[\"content-article.index\",\"content-article.create\",\"content-article.edit\",\"content-application.index\",\"content-application.create\",\"content-application.edit\",\"content-download.index\",\"content-download.create\",\"content-download.edit\",\"content-photo-gallery.index\",\"content-photo-gallery.create\",\"content-photo-gallery.edit\",\"content-slider.index\",\"content-slider.create\",\"content-slider.edit\",\"content-image.index\",\"content-image.create\",\"content-image.edit\",\"content-video.index\",\"content-video.create\",\"content-video.edit\"]', 0, 1, '2026-05-18 18:20:53', '2026-05-18 18:20:53'),
(19, 'Articles', NULL, NULL, 'content-article.index', '[\"content-article.index\",\"content-article.create\",\"content-article.edit\"]', 18, 1, '2026-05-18 18:20:53', '2026-05-18 18:20:53'),
(20, 'Links', NULL, NULL, 'content-application.index', '[\"content-application.index\",\"content-application.create\",\"content-application.edit\"]', 18, 1, '2026-05-18 18:20:53', '2026-05-18 18:20:53'),
(21, 'Documents', NULL, NULL, 'content-download.index', '[\"content-download.index\",\"content-download.create\",\"content-download.edit\"]', 18, 1, '2026-05-18 18:20:53', '2026-05-18 18:20:53'),
(22, 'Photo Galleries', NULL, NULL, 'content-photo-gallery.index', '[\"content-photo-gallery.index\",\"content-photo-gallery.create\",\"content-photo-gallery.edit\"]', 18, 1, '2026-05-18 18:20:53', '2026-05-18 18:20:53'),
(23, 'Slider Images', NULL, NULL, 'content-slider.index', '[\"content-slider.index\",\"content-slider.create\",\"content-slider.edit\"]', 18, 1, '2026-05-18 18:20:53', '2026-05-18 18:20:53'),
(24, 'Images', NULL, NULL, 'content-image.index', '[\"content-image.index\",\"content-image.create\",\"content-image.edit\"]', 18, 1, '2026-05-18 18:20:53', '2026-05-18 18:20:53'),
(25, 'Videos', NULL, NULL, 'content-video.index', '[\"content-video.index\",\"content-video.create\",\"content-video.edit\"]', 18, 1, '2026-05-18 18:20:53', '2026-05-18 18:20:53');

-- --------------------------------------------------------

--
-- Table structure for table `backend_role_mapping`
--

CREATE TABLE `backend_role_mapping` (
  `id` bigint UNSIGNED NOT NULL,
  `role_code` varchar(255) COLLATE utf8mb4_unicode_ci NOT NULL,
  `menu_id` bigint UNSIGNED NOT NULL,
  `parent_id` int NOT NULL DEFAULT '0',
  `sort` int NOT NULL,
  `created_by` varchar(255) COLLATE utf8mb4_unicode_ci NOT NULL,
  `created_at` datetime NOT NULL,
  `updated_by` varchar(255) COLLATE utf8mb4_unicode_ci DEFAULT NULL,
  `updated_at` timestamp NOT NULL DEFAULT CURRENT_TIMESTAMP ON UPDATE CURRENT_TIMESTAMP
) ENGINE=InnoDB DEFAULT CHARSET=utf8mb4 COLLATE=utf8mb4_unicode_ci;

--
-- Dumping data for table `backend_role_mapping`
--

INSERT INTO `backend_role_mapping` (`id`, `role_code`, `menu_id`, `parent_id`, `sort`, `created_by`, `created_at`, `updated_by`, `updated_at`) VALUES
(1, 'super-admin', 1, 0, 1, 'seeder', '2026-05-19 02:20:53', 'seeder', '2026-05-18 18:20:53'),
(2, 'super-admin', 2, 1, 2, 'seeder', '2026-05-19 02:20:53', 'seeder', '2026-05-18 18:20:53'),
(3, 'super-admin', 3, 1, 3, 'seeder', '2026-05-19 02:20:53', 'seeder', '2026-05-18 18:20:53'),
(4, 'super-admin', 4, 3, 4, 'seeder', '2026-05-19 02:20:53', 'seeder', '2026-05-18 18:20:53'),
(5, 'super-admin', 5, 3, 5, 'seeder', '2026-05-19 02:20:53', 'seeder', '2026-05-18 18:20:53'),
(6, 'super-admin', 6, 3, 6, 'seeder', '2026-05-19 02:20:53', 'seeder', '2026-05-18 18:20:53'),
(7, 'super-admin', 7, 1, 7, 'seeder', '2026-05-19 02:20:53', 'seeder', '2026-05-18 18:20:53'),
(8, 'super-admin', 8, 1, 8, 'seeder', '2026-05-19 02:20:53', 'seeder', '2026-05-18 18:20:53'),
(9, 'super-admin', 9, 1, 9, 'seeder', '2026-05-19 02:20:53', 'seeder', '2026-05-18 18:20:53'),
(10, 'super-admin', 10, 1, 10, 'seeder', '2026-05-19 02:20:53', 'seeder', '2026-05-18 18:20:53'),
(11, 'super-admin', 11, 1, 11, 'seeder', '2026-05-19 02:20:53', 'seeder', '2026-05-18 18:20:53'),
(12, 'super-admin', 12, 1, 12, 'seeder', '2026-05-19 02:20:53', 'seeder', '2026-05-18 18:20:53'),
(13, 'super-admin', 13, 0, 13, 'seeder', '2026-05-19 02:20:53', 'seeder', '2026-05-18 18:20:53'),
(14, 'super-admin', 14, 13, 14, 'seeder', '2026-05-19 02:20:53', 'seeder', '2026-05-18 18:20:53'),
(15, 'super-admin', 15, 13, 15, 'seeder', '2026-05-19 02:20:53', 'seeder', '2026-05-18 18:20:53'),
(16, 'super-admin', 16, 13, 16, 'seeder', '2026-05-19 02:20:53', 'seeder', '2026-05-18 18:20:53'),
(17, 'super-admin', 17, 13, 17, 'seeder', '2026-05-19 02:20:53', 'seeder', '2026-05-18 18:20:53'),
(18, 'super-admin', 18, 0, 18, 'seeder', '2026-05-19 02:20:53', 'seeder', '2026-05-18 18:20:53'),
(19, 'super-admin', 19, 18, 19, 'seeder', '2026-05-19 02:20:53', 'seeder', '2026-05-18 18:20:53'),
(20, 'super-admin', 20, 18, 20, 'seeder', '2026-05-19 02:20:53', 'seeder', '2026-05-18 18:20:53'),
(21, 'super-admin', 21, 18, 21, 'seeder', '2026-05-19 02:20:53', 'seeder', '2026-05-18 18:20:53'),
(22, 'super-admin', 22, 18, 22, 'seeder', '2026-05-19 02:20:53', 'seeder', '2026-05-18 18:20:53'),
(23, 'super-admin', 23, 18, 23, 'seeder', '2026-05-19 02:20:53', 'seeder', '2026-05-18 18:20:53'),
(24, 'super-admin', 24, 18, 24, 'seeder', '2026-05-19 02:20:53', 'seeder', '2026-05-18 18:20:53'),
(25, 'super-admin', 25, 18, 25, 'seeder', '2026-05-19 02:20:53', 'seeder', '2026-05-18 18:20:53');

-- --------------------------------------------------------

--
-- Table structure for table `content_applications`
--

CREATE TABLE `content_applications` (
  `application_id` int UNSIGNED NOT NULL,
  `application_cat` varchar(255) COLLATE utf8mb4_unicode_ci DEFAULT NULL,
  `application_status` varchar(255) COLLATE utf8mb4_unicode_ci DEFAULT NULL,
  `application_url` varchar(255) COLLATE utf8mb4_unicode_ci DEFAULT NULL,
  `application_img` varchar(255) COLLATE utf8mb4_unicode_ci DEFAULT NULL,
  `application_sort` int DEFAULT NULL,
  `created_at` datetime DEFAULT NULL,
  `created_by` int DEFAULT NULL,
  `updated_at` datetime DEFAULT NULL,
  `updated_by` int DEFAULT NULL
) ENGINE=InnoDB DEFAULT CHARSET=utf8mb4 COLLATE=utf8mb4_unicode_ci;

-- --------------------------------------------------------

--
-- Table structure for table `content_application_translations`
--

CREATE TABLE `content_application_translations` (
  `application_translation_id` int UNSIGNED NOT NULL,
  `application_translation_parent_id` int DEFAULT NULL,
  `application_translation_title` varchar(255) COLLATE utf8mb4_unicode_ci DEFAULT NULL,
  `application_translation_main` int DEFAULT NULL,
  `application_translation_language` varchar(255) COLLATE utf8mb4_unicode_ci DEFAULT NULL,
  `created_at` datetime DEFAULT NULL,
  `created_by` int DEFAULT NULL,
  `updated_at` datetime DEFAULT NULL,
  `updated_by` int DEFAULT NULL
) ENGINE=InnoDB DEFAULT CHARSET=utf8mb4 COLLATE=utf8mb4_unicode_ci;

-- --------------------------------------------------------

--
-- Table structure for table `content_article`
--

CREATE TABLE `content_article` (
  `article_id` bigint UNSIGNED NOT NULL,
  `article_code` varchar(255) COLLATE utf8mb4_unicode_ci DEFAULT NULL,
  `article_date` date DEFAULT NULL,
  `article_category` varchar(255) COLLATE utf8mb4_unicode_ci DEFAULT NULL,
  `article_subcategory` varchar(255) COLLATE utf8mb4_unicode_ci DEFAULT NULL,
  `article_status` varchar(255) COLLATE utf8mb4_unicode_ci DEFAULT NULL,
  `article_url` varchar(255) COLLATE utf8mb4_unicode_ci DEFAULT NULL,
  `article_sorting` int NOT NULL DEFAULT '0',
  `article_image` varchar(255) COLLATE utf8mb4_unicode_ci DEFAULT NULL,
  `article_portal_category` varchar(255) COLLATE utf8mb4_unicode_ci DEFAULT NULL,
  `article_start_date` varchar(255) COLLATE utf8mb4_unicode_ci DEFAULT NULL,
  `article_start_time` varchar(255) COLLATE utf8mb4_unicode_ci DEFAULT NULL,
  `article_end_date` varchar(255) COLLATE utf8mb4_unicode_ci DEFAULT NULL,
  `article_end_time` varchar(255) COLLATE utf8mb4_unicode_ci DEFAULT NULL,
  `menu_set` varchar(500) COLLATE utf8mb4_unicode_ci DEFAULT NULL,
  `created_at` timestamp NULL DEFAULT NULL,
  `updated_at` timestamp NULL DEFAULT NULL,
  `created_by` int DEFAULT NULL,
  `updated_by` int DEFAULT NULL
) ENGINE=InnoDB DEFAULT CHARSET=utf8mb4 COLLATE=utf8mb4_unicode_ci;

--
-- Dumping data for table `content_article`
--

INSERT INTO `content_article` (`article_id`, `article_code`, `article_date`, `article_category`, `article_subcategory`, `article_status`, `article_url`, `article_sorting`, `article_image`, `article_portal_category`, `article_start_date`, `article_start_time`, `article_end_date`, `article_end_time`, `menu_set`, `created_at`, `updated_at`, `created_by`, `updated_by`) VALUES
(1, 'home', NULL, NULL, NULL, 'Published', NULL, 0, NULL, NULL, NULL, NULL, NULL, NULL, NULL, '2026-05-18 19:37:12', '2026-05-18 19:37:12', 1, 1),
(2, 'what-is-redd-plus', NULL, 'REDD_PLUS_PAGE', NULL, 'Published', NULL, 1, NULL, NULL, NULL, NULL, NULL, NULL, NULL, '2026-05-18 19:46:01', '2026-05-18 19:46:01', 1, 1),
(3, 'benefits-redd-plus', NULL, 'REDD_PLUS_PAGE', NULL, 'Published', NULL, 1, NULL, NULL, NULL, NULL, NULL, NULL, NULL, '2026-05-18 19:49:11', '2026-05-18 19:49:11', 1, 1),
(4, 'redd-plus-malaysia', NULL, 'REDD_PLUS_PAGE', NULL, 'Published', NULL, 1, NULL, NULL, NULL, NULL, NULL, NULL, NULL, '2026-05-18 19:49:11', '2026-05-18 19:49:11', 1, 1),
(5, 'cancun-safeguards', NULL, 'REDD_PLUS_PAGE', NULL, 'Published', NULL, 1, NULL, NULL, NULL, NULL, NULL, NULL, NULL, '2026-05-18 19:49:11', '2026-05-18 19:49:11', 1, 1),
(6, 'malaysia-interpretation', NULL, 'REDD_PLUS_PAGE', NULL, 'Published', NULL, 1, NULL, NULL, NULL, NULL, NULL, NULL, NULL, '2026-05-18 19:49:11', '2026-05-18 19:49:11', 1, 1),
(7, 'what-is-sis', NULL, 'REDD_PLUS_PAGE', NULL, 'Published', NULL, 1, NULL, NULL, NULL, NULL, NULL, NULL, NULL, '2026-05-18 19:49:11', '2026-05-18 19:49:11', 1, 1),
(8, 'about-my-sis', NULL, 'REDD_PLUS_PAGE', NULL, 'Published', NULL, 1, NULL, NULL, NULL, NULL, NULL, NULL, NULL, '2026-05-18 19:49:11', '2026-05-18 19:49:11', 1, 1),
(9, 'pci-status', NULL, 'REDD_PLUS_PAGE', NULL, 'Published', NULL, 1, NULL, NULL, NULL, NULL, NULL, NULL, NULL, '2026-05-18 19:49:11', '2026-05-18 19:49:11', 1, 1),
(10, 'soi', NULL, 'REDD_PLUS_PAGE', NULL, 'Published', NULL, 1, NULL, NULL, NULL, NULL, NULL, NULL, NULL, '2026-05-18 19:49:11', '2026-05-18 19:49:11', 1, 1),
(11, 'publications', NULL, 'REDD_PLUS_PAGE', NULL, 'Published', NULL, 1, NULL, NULL, NULL, NULL, NULL, NULL, NULL, '2026-05-18 19:49:11', '2026-05-18 19:49:11', 1, 1),
(12, 'contact', NULL, 'REDD_PLUS_PAGE', NULL, 'Published', NULL, 1, NULL, NULL, NULL, NULL, NULL, NULL, NULL, '2026-05-18 19:49:11', '2026-05-18 19:49:11', 1, 1),
(13, 'test-page', NULL, NULL, NULL, 'Published', NULL, 1, NULL, NULL, NULL, NULL, NULL, NULL, NULL, '2026-05-19 14:20:35', '2026-05-19 14:36:49', NULL, 1);

-- --------------------------------------------------------

--
-- Table structure for table `content_article_translation`
--

CREATE TABLE `content_article_translation` (
  `article_translation_id` bigint UNSIGNED NOT NULL,
  `article_translation_parent_id` int DEFAULT NULL,
  `article_translation_title` text COLLATE utf8mb4_unicode_ci,
  `article_translation_content` longtext COLLATE utf8mb4_unicode_ci,
  `article_translation_main` int DEFAULT NULL,
  `article_translation_language` varchar(255) COLLATE utf8mb4_unicode_ci DEFAULT NULL,
  `created_at` timestamp NULL DEFAULT NULL,
  `updated_at` timestamp NULL DEFAULT NULL,
  `created_by` int DEFAULT NULL,
  `updated_by` int DEFAULT NULL
) ENGINE=InnoDB DEFAULT CHARSET=utf8mb4 COLLATE=utf8mb4_unicode_ci;

--
-- Dumping data for table `content_article_translation`
--

INSERT INTO `content_article_translation` (`article_translation_id`, `article_translation_parent_id`, `article_translation_title`, `article_translation_content`, `article_translation_main`, `article_translation_language`, `created_at`, `updated_at`, `created_by`, `updated_by`) VALUES
(4, 1, 'Home', '<div class=\"hero-section\" style=\"padding: 60px 0px; background: linear-gradient(135deg, rgb(29, 153, 91) 0%, rgb(42, 184, 110) 100%) 0% 0% / auto repeat scroll padding-box border-box rgba(0, 0, 0, 0); color: rgb(255, 255, 255); text-align: center; font-family: &quot;Open Sans&quot;, sans-serif; font-size: medium;\"><div class=\"container\" style=\"margin: 0px auto; padding: 0px 20px; max-width: 1200px;\"><h1 style=\"margin: 0px 0px 15px; font-size: 32px; font-weight: 700;\">MALAYSIA REDD PLUS SAFEGUARDS INFORMATION SYSTEM (SIS)</h1><p style=\"margin: 0px auto; font-size: 16px; max-width: 800px; opacity: 0.9;\">Supporting Malaysia\'s commitment to the UNFCCC REDD Plus framework and the Cancun Safeguards</p></div></div><div class=\"section\" style=\"padding: 60px 0px; color: rgb(44, 51, 56); font-family: &quot;Open Sans&quot;, sans-serif; font-size: medium;\"><div class=\"container\" style=\"margin: 0px auto; padding: 0px 20px; max-width: 1200px;\"><div class=\"two-col\" style=\"display: grid; grid-template-columns: 1fr 1fr; gap: 30px; align-items: center;\"><div><img src=\"http://127.0.0.1:8000/reddsis/img/forest-main.jpg\" alt=\"Malaysia Forest\" style=\"border-radius: 8px; box-shadow: rgba(0, 0, 0, 0.1) 0px 4px 15px;\"></div><div><p>Malaysia became a <a href=\"https://unfccc.int/parties-observers\" target=\"_blank\" rel=\"noopener\" style=\"color: rgb(28, 131, 148); text-decoration: none; transition: color 0.3s;\">Non-Annex I Party</a> to the United Nations Framework Convention on Climate Change (UNFCCC) when it ratified the Convention in 1994. Malaysia then joined the Kyoto Protocol and the Paris Agreement in 2002 and 2016 respectively. REDD Plus plays an important part in the Convention\'s national-level implementation of mitigation activities, especially for Non-Annex I Parties like Malaysia.</p><p>Parties implementing REDD Plus are required to conform their activities to a set of seven safeguards, known as the \'Cancun Safeguards\', and to provide information on how these safeguards are addressed and respected throughout the implementation of REDD Plus activities.</p></div></div></div></div><div class=\"section\" style=\"padding: 60px 0px; color: rgb(44, 51, 56); font-family: &quot;Open Sans&quot;, sans-serif; font-size: medium; background: none 0% 0% / auto repeat scroll padding-box border-box rgb(245, 245, 245);\"><div class=\"container\" style=\"margin: 0px auto; padding: 0px 20px; max-width: 1200px;\"><p>As part of its efforts to implement REDD Plus, Malaysia has developed the Malaysia REDD Plus Safeguards Information System (MY-SIS) through a series of consultations. MY-SIS is one of the key components to demonstrate Malaysia\'s readiness to implement REDD Plus and to be eligible to apply for results-based payments (RBPs) based on actions that have been fully measured, reported and verified (MRV).</p><p>MY-SIS has two primary purposes, namely (a) to ensure the sustainable management of Malaysia\'s natural forest, and (b) to meet the UNFCCC requirements for RBPs.</p><p>The REDD Plus framework supports the role of Malaysian forests in climate change mitigation, contributing to the reduction of <a href=\"https://unfccc.int/files/press/backgrounders/application/pdf/press_factsh_mitigation.pdf\" target=\"_blank\" rel=\"noopener\" style=\"color: rgb(28, 131, 148); text-decoration: none; transition: color 0.3s;\">greenhouse gas (GHG) emissions</a>. By implementing eligible REDD Plus activities in Malaysia, the conservation and protection of forests can provide prolong ecological services, which support the environmental integrity that can provide adaptation benefits for society.</p></div></div><div class=\"section\" style=\"padding: 60px 0px; color: rgb(44, 51, 56); font-family: &quot;Open Sans&quot;, sans-serif; font-size: medium;\"><div class=\"container\" style=\"margin: 0px auto; padding: 0px 20px; max-width: 1200px;\"><div class=\"cards-grid\" style=\"margin: 40px 0px; display: grid; grid-template-columns: repeat(3, 1fr); gap: 30px;\"><a href=\"http://127.0.0.1:8000/cancun-safeguards\" class=\"card\" style=\"color: rgb(28, 131, 148); text-decoration: none; transition: transform 0.3s, box-shadow 0.3s; background: none 0% 0% / auto repeat scroll padding-box border-box rgb(255, 255, 255); border-radius: 8px; overflow: hidden; box-shadow: rgba(0, 0, 0, 0.1) 0px 4px 15px; cursor: pointer;\"><div class=\"card-img\" style=\"height: 200px; background-size: cover; background-position: center center; position: relative; background-image: url(&quot;http://127.0.0.1:8000/reddsis/img/card-safeguards.jpg&quot;);\"></div><div class=\"card-content\" style=\"padding: 20px;\"><h3 style=\"margin: 0px 0px 8px; font-size: 16px; color: rgb(29, 153, 91);\">Learn about the Cancun Safeguards</h3><span class=\"card-link\" style=\"display: inline-block; font-weight: 600; font-size: 14px;\">Learn More →</span></div></a><a href=\"http://127.0.0.1:8000/about-my-sis\" class=\"card\" style=\"color: rgb(28, 131, 148); text-decoration: none; transition: transform 0.3s, box-shadow 0.3s; background: none 0% 0% / auto repeat scroll padding-box border-box rgb(255, 255, 255); border-radius: 8px; overflow: hidden; box-shadow: rgba(0, 0, 0, 0.1) 0px 4px 15px; cursor: pointer;\"><div class=\"card-img\" style=\"height: 200px; background-size: cover; background-position: center center; position: relative; background-image: url(&quot;http://127.0.0.1:8000/reddsis/img/card-mysis.jpg&quot;);\"></div><div class=\"card-content\" style=\"padding: 20px;\"><h3 style=\"margin: 0px 0px 8px; font-size: 16px; color: rgb(29, 153, 91);\">Explore MY-SIS</h3><span class=\"card-link\" style=\"display: inline-block; font-weight: 600; font-size: 14px;\">Learn More →</span></div></a><a href=\"http://127.0.0.1:8000/redd-plus-malaysia\" class=\"card\" style=\"color: rgb(28, 131, 148); text-decoration: none; transition: transform 0.3s, box-shadow 0.3s; background: none 0% 0% / auto repeat scroll padding-box border-box rgb(255, 255, 255); border-radius: 8px; overflow: hidden; box-shadow: rgba(0, 0, 0, 0.1) 0px 4px 15px; cursor: pointer;\"><div class=\"card-img\" style=\"height: 200px; background-size: cover; background-position: center center; position: relative; background-image: url(&quot;http://127.0.0.1:8000/reddsis/img/card-redd.jpg&quot;);\"></div><div class=\"card-content\" style=\"padding: 20px;\"><h3 style=\"margin: 0px 0px 8px; font-size: 16px; color: rgb(29, 153, 91);\">Learn more about REDD Plus in Malaysia</h3><span class=\"card-link\" style=\"display: inline-block; font-weight: 600; font-size: 14px;\">Learn More →</span></div></a></div></div></div><div class=\"section\" style=\"padding: 60px 0px; color: rgb(44, 51, 56); font-family: &quot;Open Sans&quot;, sans-serif; font-size: medium; background: none 0% 0% / auto repeat scroll padding-box border-box rgb(245, 245, 245);\"><div class=\"container\" style=\"margin: 0px auto; padding: 0px 20px; max-width: 1200px;\"><h2 class=\"section-title\" style=\"margin: 0px 0px 40px; font-size: 28px; color: rgb(29, 153, 91); text-align: center; font-weight: 700;\">MALAYSIAN SAFEGUARDS</h2><div class=\"safeguards-grid\" style=\"margin: 40px 0px; display: grid; grid-template-columns: repeat(4, 1fr); gap: 25px;\"><div class=\"safeguard-item\" data-safeguard=\"A\" style=\"text-align: center; cursor: pointer; transition: transform 0.3s;\"><div class=\"safeguard-icon\" style=\"margin: 0px auto 12px; width: 180px; max-width: 180px;\"><img src=\"http://127.0.0.1:8000/reddsis/img/safeguard-a.png\" alt=\"Safeguard A\" style=\"width: 180px; border-radius: 50%; box-shadow: rgba(0, 0, 0, 0.1) 0px 4px 12px;\"></div><div class=\"safeguard-label\" style=\"font-size: 18px; font-weight: 700; color: rgb(71, 152, 68);\">Safeguard A</div></div><div class=\"safeguard-item\" data-safeguard=\"B\" style=\"text-align: center; cursor: pointer; transition: transform 0.3s;\"><div class=\"safeguard-icon\" style=\"margin: 0px auto 12px; width: 180px; max-width: 180px;\"><img src=\"http://127.0.0.1:8000/reddsis/img/safeguard-b.png\" alt=\"Safeguard B\" style=\"width: 180px; border-radius: 50%; box-shadow: rgba(0, 0, 0, 0.1) 0px 4px 12px;\"></div><div class=\"safeguard-label\" style=\"font-size: 18px; font-weight: 700; color: rgb(71, 152, 68);\">Safeguard B</div></div><div class=\"safeguard-item\" data-safeguard=\"C\" style=\"text-align: center; cursor: pointer; transition: transform 0.3s;\"><div class=\"safeguard-icon\" style=\"margin: 0px auto 12px; width: 180px; max-width: 180px;\"><img src=\"http://127.0.0.1:8000/reddsis/img/safeguard-c.png\" alt=\"Safeguard C\" style=\"width: 180px; border-radius: 50%; box-shadow: rgba(0, 0, 0, 0.1) 0px 4px 12px;\"></div><div class=\"safeguard-label\" style=\"font-size: 18px; font-weight: 700; color: rgb(71, 152, 68);\">Safeguard C</div></div><div class=\"safeguard-item\" data-safeguard=\"D\" style=\"text-align: center; cursor: pointer; transition: transform 0.3s;\"><div class=\"safeguard-icon\" style=\"margin: 0px auto 12px; width: 180px; max-width: 180px;\"><img src=\"http://127.0.0.1:8000/reddsis/img/safeguard-d.png\" alt=\"Safeguard D\" style=\"width: 180px; border-radius: 50%; box-shadow: rgba(0, 0, 0, 0.1) 0px 4px 12px;\"></div><div class=\"safeguard-label\" style=\"font-size: 18px; font-weight: 700; color: rgb(71, 152, 68);\">Safeguard D</div></div><div class=\"safeguard-item\" data-safeguard=\"E\" style=\"text-align: center; cursor: pointer; transition: transform 0.3s;\"><div class=\"safeguard-icon\" style=\"margin: 0px auto 12px; width: 180px; max-width: 180px;\"><img src=\"http://127.0.0.1:8000/reddsis/img/safeguard-e.png\" alt=\"Safeguard E\" style=\"width: 180px; border-radius: 50%; box-shadow: rgba(0, 0, 0, 0.1) 0px 4px 12px;\"></div><div class=\"safeguard-label\" style=\"font-size: 18px; font-weight: 700; color: rgb(71, 152, 68);\">Safeguard E</div></div><div class=\"safeguard-item\" data-safeguard=\"F\" style=\"text-align: center; cursor: pointer; transition: transform 0.3s;\"><div class=\"safeguard-icon\" style=\"margin: 0px auto 12px; width: 180px; max-width: 180px;\"><img src=\"http://127.0.0.1:8000/reddsis/img/safeguard-f.png\" alt=\"Safeguard F\" style=\"width: 180px; border-radius: 50%; box-shadow: rgba(0, 0, 0, 0.1) 0px 4px 12px;\"></div><div class=\"safeguard-label\" style=\"font-size: 18px; font-weight: 700; color: rgb(71, 152, 68);\">Safeguard F</div></div><div class=\"safeguard-item\" data-safeguard=\"G\" style=\"text-align: center; cursor: pointer; transition: transform 0.3s; transform: scale(1.05);\"><div class=\"safeguard-icon\" style=\"margin: 0px auto 12px; width: 180px; max-width: 180px;\"><img src=\"http://127.0.0.1:8000/reddsis/img/safeguard-g.png\" alt=\"Safeguard G\" style=\"width: 180px; border-radius: 50%; box-shadow: rgba(0, 0, 0, 0.1) 0px 4px 12px;\"></div><div class=\"safeguard-label\" style=\"font-size: 18px; font-weight: 700; color: rgb(71, 152, 68);\">Safeguard G</div></div></div></div></div>', 1, 'BM', '2026-05-18 19:44:36', '2026-05-18 19:44:36', 1, 1),
(5, 2, 'What is REDD Plus?', '<p>REDD Plus (Reducing Emissions from Deforestation and forest Degradation, plus the sustainable management of forests, and the conservation and enhancement of forest carbon stocks) is a framework developed by the UNFCCC to incentivize developing countries to reduce emissions from deforestation and forest degradation.</p><p>REDD Plus goes beyond simply deforestation and forest degradation to include the role of conservation, sustainable management of forests, and enhancement of forest carbon stocks. It provides a results-based payment system where developing countries can receive financial incentives for demonstrating emissions reductions in the forest sector.</p><h3>The Five REDD Plus Activities</h3><ul><li><strong>Reducing emissions from deforestation</strong> - Preventing the conversion of forest land to non-forest land</li><li><strong>Reducing emissions from forest degradation</strong> - Reducing carbon emissions from degradation of forests that remain forests</li><li><strong>Conservation of forest carbon stocks</strong> - Maintaining existing forest carbon stocks through protected areas and other conservation measures</li><li><strong>Sustainable management of forests</strong> - Managing forests in a way that maintains their carbon stocks while providing ecosystem services</li><li><strong>Enhancement of forest carbon stocks</strong> - Increasing forest carbon stocks through afforestation, reforestation, and restoration</li></ul><h3>Key Requirements for REDD Plus</h3><ul><li>A national REDD Plus strategy or action plan</li><li>A national forest reference emission level and/or forest reference level</li><li>A robust and transparent national forest monitoring system</li><li>A safeguards information system</li></ul>', 1, 'en', '2026-05-18 19:46:01', '2026-05-18 19:46:01', 1, 1),
(6, 3, 'Benefits of Implementing REDD Plus', '<p>Implementing REDD Plus offers numerous benefits for Malaysia, encompassing environmental, social, and economic dimensions.</p><h3>Environmental Benefits</h3><ul><li>Reduction in greenhouse gas emissions from deforestation and forest degradation</li><li>Conservation of biodiversity and protection of endangered species</li><li>Maintenance of watershed functions and protection of water resources</li><li>Preservation of soil quality and prevention of erosion</li><li>Maintenance of ecosystem services provided by forests</li></ul><h3>Social Benefits</h3><ul><li>Recognition and respect for the rights of indigenous peoples and local communities</li><li>Improved livelihoods through sustainable forest management</li><li>Enhanced participation of stakeholders in forest governance</li><li>Preservation of cultural values and traditional knowledge</li><li>Improved food security through sustainable use of forest resources</li></ul><h3>Economic Benefits</h3><ul><li>Access to results-based payments under the UNFCCC framework</li><li>Development of green economy and sustainable business opportunities</li><li>Attraction of international climate finance</li><li>Long-term economic value from ecosystem services</li><li>Job creation in sustainable forest management and conservation</li></ul>', 1, 'en', '2026-05-18 19:49:11', '2026-05-18 19:49:11', 1, 1),
(7, 4, 'REDD Plus in Malaysia', '<p>Malaysia, with its rich tropical forests covering approximately 55% of its land area, has a significant role to play in global REDD Plus efforts. The country\'s forests are among the most biodiverse in the world and serve as critical carbon sinks.</p><h3>Malaysia\'s REDD Plus Journey</h3><p>Malaysia has been actively engaged in REDD Plus since the early stages of international negotiations. Key milestones include:</p><ul><li>Ratification of the UNFCCC in 1994</li><li>Accession to the Kyoto Protocol in 2002</li><li>Ratification of the Paris Agreement in 2016</li><li>Development of the National REDD Plus Strategy</li><li>Establishment of the Malaysia REDD Plus Safeguards Information System (MY-SIS)</li><li>Submission of the Forest Reference Level (FRL)</li></ul><h3>Institutional Framework</h3><p>The Ministry of Natural Resources and Environmental Sustainability (NRES) is the national focal point for REDD Plus in Malaysia.</p><h3>Forest Cover</h3><p>Malaysia\'s total forest cover is approximately 18.27 million hectares, which represents about 55.3% of the total land area.</p>', 1, 'en', '2026-05-18 19:49:11', '2026-05-18 19:49:11', 1, 1),
(8, 5, 'What are the Cancun Safeguards?', '<p>The Cancun Safeguards were adopted at the 16th session of the Conference of the Parties (COP 16) to the UNFCCC in Cancun, Mexico in 2010.</p><h3>The Seven Cancun Safeguards</h3><p><strong>Safeguard A:</strong> Actions complement or are consistent with the objectives of national forest programmes and relevant international conventions and agreements.</p><p><strong>Safeguard B:</strong> Transparent and effective national forest governance structures, taking into account national legislation and sovereignty.</p><p><strong>Safeguard C:</strong> Respect for the knowledge and rights of indigenous peoples and members of local communities.</p><p><strong>Safeguard D:</strong> The full and effective participation of relevant stakeholders, in particular indigenous peoples and local communities.</p><p><strong>Safeguard E:</strong> Actions are consistent with the conservation of natural forests and biological diversity.</p><p><strong>Safeguard F:</strong> Actions to address the risks of reversals.</p><p><strong>Safeguard G:</strong> Actions to reduce displacement of emissions.</p>', 1, 'en', '2026-05-18 19:49:11', '2026-05-18 19:49:11', 1, 1),
(9, 6, 'Malaysia\'s Safeguards Interpretation', '<p>Malaysia has developed its own interpretation of the Cancun Safeguards, contextualizing them within the national legal framework and circumstances.</p><h3>National Context</h3><p>Malaysia\'s interpretation reflects the country\'s unique circumstances, including:</p><ul><li>The Federal Constitution which places land and forest matters under state jurisdiction</li><li>The National Forestry Act 1984 and state forestry enactments</li><li>The National Land Code 1965</li><li>The Aboriginal Peoples Act 1954</li><li>International commitments such as CBD, UNCCD, and CITES</li></ul><h3>Principles and Criteria</h3><p>For each of the seven Cancun Safeguards, Malaysia has developed specific principles, criteria, and indicators (PC&I) that provide a practical framework for assessing how safeguards are being addressed and respected.</p>', 1, 'en', '2026-05-18 19:49:11', '2026-05-18 19:49:11', 1, 1),
(10, 7, 'What is the Safeguards Information System (SIS)?', '<p>A Safeguards Information System (SIS) is a system developed by each country participating in REDD Plus to provide information on how the Cancun Safeguards are being addressed and respected throughout the implementation of REDD Plus activities.</p><h3>Key Functions of SIS</h3><ul><li>Providing transparent and consistent information on how safeguards are addressed and respected</li><li>Supporting the monitoring and evaluation of REDD Plus activities</li><li>Facilitating stakeholder participation and access to information</li><li>Contributing to the Summary of Information (SOI) that parties submit to the UNFCCC</li><li>Ensuring accountability and transparency in REDD Plus implementation</li></ul><h3>UNFCCC Requirements</h3><p>Under the UNFCCC, developing country Parties implementing REDD Plus activities are required to develop a national SIS.</p>', 1, 'en', '2026-05-18 19:49:11', '2026-05-18 19:49:11', 1, 1),
(11, 8, 'About the Malaysia Safeguards Information System (MY-SIS)', '<p>The Malaysia REDD Plus Safeguards Information System (MY-SIS) is a national system developed to provide information on how the Cancun Safeguards are addressed and respected in Malaysia throughout the implementation of REDD Plus activities.</p><h3>Purpose of MY-SIS</h3><p>MY-SIS has two primary purposes:</p><ul><li><strong>To ensure the sustainable management of Malaysia\'s natural forest</strong></li><li><strong>To meet the UNFCCC requirements for results-based payments</strong></li></ul><h3>Development Process</h3><p>MY-SIS was developed through a series of consultations involving various stakeholders, including federal and state government agencies, indigenous peoples and local communities, civil society organizations, and academic institutions.</p>', 1, 'en', '2026-05-18 19:49:11', '2026-05-18 19:49:11', 1, 1),
(12, 9, 'Malaysia\'s Safeguards PC&I Status', '<p>The Principles, Criteria and Indicators (PC&I) form the backbone of Malaysia\'s approach to monitoring and reporting on the Cancun Safeguards.</p><table class=\"pci-table\"><thead><tr><th>Safeguard</th><th>Principle</th><th>Criteria</th><th>Indicators</th><th>Status</th></tr></thead><tbody><tr><td>Safeguard A</td><td>Consistency with national forest programmes</td><td>2</td><td>5</td><td><span class=\"status-badge status-complete\">Complete</span></td></tr><tr><td>Safeguard B</td><td>Transparent and effective forest governance</td><td>3</td><td>8</td><td><span class=\"status-badge status-complete\">Complete</span></td></tr><tr><td>Safeguard C</td><td>Respect for indigenous peoples\' rights</td><td>3</td><td>7</td><td><span class=\"status-badge status-progress\">In Progress</span></td></tr><tr><td>Safeguard D</td><td>Full and effective stakeholder participation</td><td>2</td><td>6</td><td><span class=\"status-badge status-complete\">Complete</span></td></tr><tr><td>Safeguard E</td><td>Consistency with natural forest conservation</td><td>3</td><td>9</td><td><span class=\"status-badge status-progress\">In Progress</span></td></tr><tr><td>Safeguard F</td><td>Addressing risks of reversals</td><td>2</td><td>4</td><td><span class=\"status-badge status-pending\">Pending</span></td></tr><tr><td>Safeguard G</td><td>Reducing displacement of emissions</td><td>2</td><td>5</td><td><span class=\"status-badge status-pending\">Pending</span></td></tr></tbody></table>', 1, 'en', '2026-05-18 19:49:11', '2026-05-18 19:49:11', 1, 1),
(13, 10, 'Summary of Information (SOI)', '<p>The Summary of Information (SOI) is a periodic report that Parties implementing REDD Plus are required to provide to the UNFCCC.</p><h3>SOI Requirements</h3><ul><li>Be provided periodically, consistent with the frequency of national communications</li><li>Include information on how each of the seven safeguards has been addressed and respected</li><li>Be transparent and accessible</li><li>Be consistent with the information provided in the national SIS</li></ul><h3>Malaysia\'s SOI</h3><p>Malaysia is in the process of preparing its Summary of Information for submission to the UNFCCC.</p>', 1, 'en', '2026-05-18 19:49:11', '2026-05-18 19:49:11', 1, 1),
(14, 11, 'Publications', '<p>Below are key publications related to REDD Plus implementation in Malaysia.</p><div class=\"pub-list\"><a href=\"http://localhost/reddsis/pdf/implementing-redd-plus-in-malaysia.pdf\" target=\"_blank\" class=\"pub-item\"><div class=\"pub-icon\">&#128196;</div><div class=\"pub-info\"><h4>Handbook on Implementing REDD Plus in Malaysia (2020)</h4><p>A comprehensive guide on the implementation of REDD Plus in Malaysia.</p></div></a><a href=\"http://localhost/reddsis/pdf/pelaksanaan-redd-plus-di-malaysia.pdf\" target=\"_blank\" class=\"pub-item\"><div class=\"pub-icon\">&#128196;</div><div class=\"pub-info\"><h4>Buku Panduan Pelaksanaan REDD Plus di Malaysia (2020)</h4><p>Versi Bahasa Melayu bagi buku panduan pelaksanaan REDD Plus di Malaysia.</p></div></a><a href=\"http://localhost/reddsis/pdf/national-forest-monitoring-system.pdf\" target=\"_blank\" class=\"pub-item\"><div class=\"pub-icon\">&#128196;</div><div class=\"pub-info\"><h4>National Forest Monitoring System</h4><p>Technical document on Malaysia\'s National Forest Monitoring System for REDD Plus.</p></div></a></div>', 1, 'en', '2026-05-18 19:49:11', '2026-05-18 19:49:11', 1, 1),
(15, 12, 'Contact Us', '<h3>General Inquiries</h3><p>For general inquiries about Malaysia\'s REDD Plus Safeguards Information System, please contact:</p><p><strong>Ministry of Natural Resources and Environmental Sustainability (NRES)</strong><br>Forestry and Biodiversity Conservation Division<br>Level 6, Podium 2, Wisma Sumber Asli<br>No. 25, Persiaran Perdana, Precinct 4<br>62574 Putrajaya, Malaysia</p><h3>Reports, Issues and Incidents</h3><p>If you wish to report any issues or incidents related to REDD Plus activities or safeguards implementation in Malaysia, please use the contact information above.</p>', 1, 'en', '2026-05-18 19:49:11', '2026-05-18 19:49:11', 1, 1),
(17, 13, 'Test', 'mencuba', 1, 'BM', '2026-05-19 14:36:49', '2026-05-19 14:36:49', 1, 1);

-- --------------------------------------------------------

--
-- Table structure for table `content_downloads`
--

CREATE TABLE `content_downloads` (
  `download_id` bigint UNSIGNED NOT NULL,
  `download_main` varchar(255) COLLATE utf8mb4_unicode_ci DEFAULT NULL,
  `download_parent_id` varchar(255) COLLATE utf8mb4_unicode_ci DEFAULT NULL,
  `download_language` varchar(255) COLLATE utf8mb4_unicode_ci DEFAULT NULL,
  `download_category` varchar(255) COLLATE utf8mb4_unicode_ci DEFAULT NULL,
  `download_status` varchar(255) COLLATE utf8mb4_unicode_ci DEFAULT NULL,
  `download_date` date DEFAULT NULL,
  `download_source` varchar(255) COLLATE utf8mb4_unicode_ci DEFAULT NULL,
  `download_start_date` varchar(255) COLLATE utf8mb4_unicode_ci DEFAULT NULL,
  `download_start_time` varchar(255) COLLATE utf8mb4_unicode_ci DEFAULT NULL,
  `download_end_date` varchar(255) COLLATE utf8mb4_unicode_ci DEFAULT NULL,
  `download_end_time` varchar(255) COLLATE utf8mb4_unicode_ci DEFAULT NULL,
  `download_title` varchar(255) COLLATE utf8mb4_unicode_ci DEFAULT NULL,
  `download_img` varchar(255) COLLATE utf8mb4_unicode_ci DEFAULT NULL,
  `download_file` varchar(255) COLLATE utf8mb4_unicode_ci DEFAULT NULL,
  `created_at` timestamp NULL DEFAULT NULL,
  `updated_at` timestamp NULL DEFAULT NULL,
  `created_by` varchar(255) COLLATE utf8mb4_unicode_ci DEFAULT NULL,
  `updated_by` varchar(255) COLLATE utf8mb4_unicode_ci DEFAULT NULL
) ENGINE=InnoDB DEFAULT CHARSET=utf8mb4 COLLATE=utf8mb4_unicode_ci;

-- --------------------------------------------------------

--
-- Table structure for table `content_images`
--

CREATE TABLE `content_images` (
  `image_id` int UNSIGNED NOT NULL,
  `image_cat` varchar(255) COLLATE utf8mb4_unicode_ci DEFAULT NULL,
  `image_type` varchar(255) COLLATE utf8mb4_unicode_ci DEFAULT NULL,
  `image_status` varchar(255) COLLATE utf8mb4_unicode_ci DEFAULT NULL,
  `image_title` varchar(255) COLLATE utf8mb4_unicode_ci DEFAULT NULL,
  `image_file` varchar(255) COLLATE utf8mb4_unicode_ci DEFAULT NULL,
  `image_url` varchar(255) COLLATE utf8mb4_unicode_ci DEFAULT NULL,
  `image_sort` int DEFAULT NULL,
  `image_main` int DEFAULT NULL,
  `image_parent_id` int DEFAULT NULL,
  `image_language` varchar(255) COLLATE utf8mb4_unicode_ci DEFAULT NULL,
  `created_at` datetime DEFAULT NULL,
  `created_by` varchar(255) COLLATE utf8mb4_unicode_ci DEFAULT NULL,
  `updated_at` datetime DEFAULT NULL,
  `updated_by` varchar(255) COLLATE utf8mb4_unicode_ci DEFAULT NULL
) ENGINE=InnoDB DEFAULT CHARSET=utf8mb4 COLLATE=utf8mb4_unicode_ci;

-- --------------------------------------------------------

--
-- Table structure for table `content_photo_gallery`
--

CREATE TABLE `content_photo_gallery` (
  `gallery_id` int UNSIGNED NOT NULL,
  `gallery_date` varchar(255) COLLATE utf8mb4_unicode_ci DEFAULT NULL,
  `gallery_location` varchar(255) COLLATE utf8mb4_unicode_ci DEFAULT NULL,
  `gallery_status` varchar(255) COLLATE utf8mb4_unicode_ci DEFAULT NULL,
  `gallery_portal` varchar(255) COLLATE utf8mb4_unicode_ci DEFAULT NULL,
  `gallery_thumbnail` varchar(255) COLLATE utf8mb4_unicode_ci DEFAULT NULL,
  `gallery_cat` varchar(255) COLLATE utf8mb4_unicode_ci DEFAULT NULL,
  `gallery_code` varchar(255) COLLATE utf8mb4_unicode_ci DEFAULT NULL,
  `gallery_sort` int NOT NULL DEFAULT '0',
  `created_at` datetime DEFAULT NULL,
  `created_by` varchar(255) COLLATE utf8mb4_unicode_ci DEFAULT NULL,
  `updated_at` datetime DEFAULT NULL,
  `updated_by` varchar(255) COLLATE utf8mb4_unicode_ci DEFAULT NULL
) ENGINE=InnoDB DEFAULT CHARSET=utf8mb4 COLLATE=utf8mb4_unicode_ci;

-- --------------------------------------------------------

--
-- Table structure for table `content_photo_gallery_translations`
--

CREATE TABLE `content_photo_gallery_translations` (
  `gallery_translation_id` bigint UNSIGNED NOT NULL,
  `gallery_translation_parent_id` int UNSIGNED NOT NULL,
  `gallery_translation_title` varchar(255) COLLATE utf8mb4_unicode_ci DEFAULT NULL,
  `gallery_translation_descr` text COLLATE utf8mb4_unicode_ci,
  `gallery_translation_main` tinyint(1) NOT NULL DEFAULT '0',
  `gallery_translation_language` varchar(10) COLLATE utf8mb4_unicode_ci NOT NULL,
  `created_by` bigint UNSIGNED DEFAULT NULL,
  `updated_by` bigint UNSIGNED DEFAULT NULL,
  `created_at` timestamp NULL DEFAULT NULL,
  `updated_at` timestamp NULL DEFAULT NULL
) ENGINE=InnoDB DEFAULT CHARSET=utf8mb4 COLLATE=utf8mb4_unicode_ci;

-- --------------------------------------------------------

--
-- Table structure for table `content_photo_list`
--

CREATE TABLE `content_photo_list` (
  `photo_id` int UNSIGNED NOT NULL,
  `photo_gallery_id` int DEFAULT NULL,
  `photo_main` int DEFAULT NULL,
  `photo_parent_id` int DEFAULT NULL,
  `photo_language` varchar(255) COLLATE utf8mb4_unicode_ci DEFAULT NULL,
  `photo_sort` int DEFAULT NULL,
  `photo_url` varchar(255) COLLATE utf8mb4_unicode_ci DEFAULT NULL,
  `photo_descr` text COLLATE utf8mb4_unicode_ci,
  `created_at` datetime DEFAULT NULL,
  `created_by` varchar(255) COLLATE utf8mb4_unicode_ci DEFAULT NULL,
  `updated_at` datetime DEFAULT NULL,
  `updated_by` varchar(255) COLLATE utf8mb4_unicode_ci DEFAULT NULL
) ENGINE=InnoDB DEFAULT CHARSET=utf8mb4 COLLATE=utf8mb4_unicode_ci;

-- --------------------------------------------------------

--
-- Table structure for table `content_slider`
--

CREATE TABLE `content_slider` (
  `slider_id` int UNSIGNED NOT NULL,
  `slider_portal` varchar(255) COLLATE utf8mb4_unicode_ci DEFAULT NULL,
  `slider_status` varchar(255) COLLATE utf8mb4_unicode_ci DEFAULT NULL,
  `slider_sort` int DEFAULT NULL,
  `slider_url_type` varchar(255) COLLATE utf8mb4_unicode_ci DEFAULT NULL,
  `slider_url` varchar(255) COLLATE utf8mb4_unicode_ci DEFAULT NULL,
  `slider_url_upload` varchar(255) COLLATE utf8mb4_unicode_ci DEFAULT NULL,
  `slider_type` varchar(255) COLLATE utf8mb4_unicode_ci DEFAULT NULL,
  `slider_dimension` varchar(255) COLLATE utf8mb4_unicode_ci DEFAULT NULL,
  `slider_transition` varchar(255) COLLATE utf8mb4_unicode_ci DEFAULT NULL,
  `slider_start_date` varchar(255) COLLATE utf8mb4_unicode_ci DEFAULT NULL,
  `slider_start_time` varchar(255) COLLATE utf8mb4_unicode_ci DEFAULT NULL,
  `slider_end_date` varchar(255) COLLATE utf8mb4_unicode_ci DEFAULT NULL,
  `slider_end_time` varchar(255) COLLATE utf8mb4_unicode_ci DEFAULT NULL,
  `created_at` datetime DEFAULT NULL,
  `created_by` varchar(255) COLLATE utf8mb4_unicode_ci DEFAULT NULL,
  `updated_at` datetime DEFAULT NULL,
  `updated_by` varchar(255) COLLATE utf8mb4_unicode_ci DEFAULT NULL
) ENGINE=InnoDB DEFAULT CHARSET=utf8mb4 COLLATE=utf8mb4_unicode_ci;

-- --------------------------------------------------------

--
-- Table structure for table `content_slider_translation`
--

CREATE TABLE `content_slider_translation` (
  `slider_translation_id` int UNSIGNED NOT NULL,
  `slider_translation_parent_id` int DEFAULT NULL,
  `slider_translation_title` text COLLATE utf8mb4_unicode_ci,
  `slider_translation_img` text COLLATE utf8mb4_unicode_ci,
  `slider_translation_main` int DEFAULT NULL,
  `slider_translation_language` varchar(255) COLLATE utf8mb4_unicode_ci DEFAULT NULL,
  `created_at` datetime DEFAULT NULL,
  `created_by` int DEFAULT NULL,
  `updated_at` datetime DEFAULT NULL,
  `updated_by` int DEFAULT NULL
) ENGINE=InnoDB DEFAULT CHARSET=utf8mb4 COLLATE=utf8mb4_unicode_ci;

-- --------------------------------------------------------

--
-- Table structure for table `content_video`
--

CREATE TABLE `content_video` (
  `video_id` int NOT NULL,
  `video_code` varchar(255) COLLATE utf8mb4_unicode_ci DEFAULT NULL,
  `video_page` varchar(255) COLLATE utf8mb4_unicode_ci DEFAULT NULL,
  `video_status` varchar(255) COLLATE utf8mb4_unicode_ci DEFAULT NULL,
  `video_date` date DEFAULT NULL,
  `video_source` varchar(255) COLLATE utf8mb4_unicode_ci DEFAULT NULL,
  `video_url` varchar(255) COLLATE utf8mb4_unicode_ci DEFAULT NULL,
  `video_upload` varchar(255) COLLATE utf8mb4_unicode_ci DEFAULT NULL,
  `video_external` varchar(255) COLLATE utf8mb4_unicode_ci DEFAULT NULL,
  `video_img` varchar(255) COLLATE utf8mb4_unicode_ci DEFAULT NULL,
  `video_category` varchar(255) COLLATE utf8mb4_unicode_ci DEFAULT NULL,
  `video_sorting` int DEFAULT NULL,
  `meta_title` text COLLATE utf8mb4_unicode_ci,
  `meta_descr` text COLLATE utf8mb4_unicode_ci,
  `meta_keyword` text COLLATE utf8mb4_unicode_ci,
  `meta_author` text COLLATE utf8mb4_unicode_ci,
  `meta_img` text COLLATE utf8mb4_unicode_ci,
  `publish_date_start` varchar(256) COLLATE utf8mb4_unicode_ci DEFAULT NULL,
  `publish_time_start` varchar(256) COLLATE utf8mb4_unicode_ci DEFAULT NULL,
  `publish_date_end` varchar(256) COLLATE utf8mb4_unicode_ci DEFAULT NULL,
  `publish_time_end` varchar(256) COLLATE utf8mb4_unicode_ci DEFAULT NULL,
  `created_at` datetime DEFAULT NULL,
  `created_by` int DEFAULT NULL,
  `updated_at` datetime DEFAULT NULL,
  `updated_by` int DEFAULT NULL
) ENGINE=InnoDB DEFAULT CHARSET=utf8mb4 COLLATE=utf8mb4_unicode_ci;

-- --------------------------------------------------------

--
-- Table structure for table `content_video_translation`
--

CREATE TABLE `content_video_translation` (
  `video_translation_id` int NOT NULL,
  `video_translation_parent_id` int DEFAULT NULL,
  `video_translation_title` text COLLATE utf8mb4_unicode_ci,
  `video_translation_content` text COLLATE utf8mb4_unicode_ci,
  `video_translation_location` text COLLATE utf8mb4_unicode_ci,
  `video_translation_url` varchar(255) COLLATE utf8mb4_unicode_ci DEFAULT NULL,
  `video_translation_main` int DEFAULT NULL,
  `video_translation_language` varchar(255) COLLATE utf8mb4_unicode_ci DEFAULT NULL,
  `created_at` datetime DEFAULT NULL,
  `created_by` int DEFAULT NULL,
  `updated_at` datetime DEFAULT NULL,
  `updated_by` int DEFAULT NULL
) ENGINE=InnoDB DEFAULT CHARSET=utf8mb4 COLLATE=utf8mb4_unicode_ci;

-- --------------------------------------------------------

--
-- Table structure for table `failed_jobs`
--

CREATE TABLE `failed_jobs` (
  `id` bigint UNSIGNED NOT NULL,
  `uuid` varchar(255) COLLATE utf8mb4_unicode_ci NOT NULL,
  `connection` text COLLATE utf8mb4_unicode_ci NOT NULL,
  `queue` text COLLATE utf8mb4_unicode_ci NOT NULL,
  `payload` longtext COLLATE utf8mb4_unicode_ci NOT NULL,
  `exception` longtext COLLATE utf8mb4_unicode_ci NOT NULL,
  `failed_at` timestamp NOT NULL DEFAULT CURRENT_TIMESTAMP
) ENGINE=InnoDB DEFAULT CHARSET=utf8mb4 COLLATE=utf8mb4_unicode_ci;

-- --------------------------------------------------------

--
-- Table structure for table `frontend_menu`
--

CREATE TABLE `frontend_menu` (
  `menu_id` bigint UNSIGNED NOT NULL,
  `menu_name` varchar(255) COLLATE utf8mb4_unicode_ci NOT NULL,
  `menu_status` tinyint(1) NOT NULL DEFAULT '1',
  `menu_class` varchar(50) COLLATE utf8mb4_unicode_ci DEFAULT NULL,
  `menu_field_id` varchar(50) COLLATE utf8mb4_unicode_ci DEFAULT NULL,
  `menu_link` varchar(255) COLLATE utf8mb4_unicode_ci DEFAULT NULL,
  `menu_icon` varchar(255) COLLATE utf8mb4_unicode_ci DEFAULT NULL,
  `menu_descr` varchar(255) COLLATE utf8mb4_unicode_ci DEFAULT NULL,
  `menu_img` varchar(255) COLLATE utf8mb4_unicode_ci DEFAULT NULL,
  `menu_parent_id` int NOT NULL DEFAULT '0',
  `created_at` timestamp NULL DEFAULT NULL,
  `updated_at` timestamp NULL DEFAULT NULL
) ENGINE=InnoDB DEFAULT CHARSET=utf8mb4 COLLATE=utf8mb4_unicode_ci;

--
-- Dumping data for table `frontend_menu`
--

INSERT INTO `frontend_menu` (`menu_id`, `menu_name`, `menu_status`, `menu_class`, `menu_field_id`, `menu_link`, `menu_icon`, `menu_descr`, `menu_img`, `menu_parent_id`, `created_at`, `updated_at`) VALUES
(1, 'Home', 1, NULL, NULL, '/', NULL, NULL, NULL, 0, '2026-05-19 14:17:07', '2026-05-19 14:17:07'),
(2, 'About REDD Plus', 1, NULL, NULL, '#', NULL, NULL, NULL, 0, '2026-05-19 14:17:07', '2026-05-19 14:17:07'),
(3, 'What is REDD Plus', 1, NULL, NULL, '/what-is-redd-plus', NULL, NULL, NULL, 2, '2026-05-19 14:17:07', '2026-05-19 14:40:11'),
(4, 'Benefits of Implementing REDD Plus', 1, NULL, NULL, '/benefits-redd-plus', NULL, NULL, NULL, 2, '2026-05-19 14:17:07', '2026-05-19 14:40:11'),
(5, 'REDD Plus in Malaysia', 1, NULL, NULL, '/redd-plus-malaysia', NULL, NULL, NULL, 2, '2026-05-19 14:17:07', '2026-05-19 14:40:11'),
(6, 'About Safeguards', 1, NULL, NULL, '#', NULL, NULL, NULL, 0, '2026-05-19 14:17:07', '2026-05-19 14:17:07'),
(7, 'What are the Cancun Safeguards?', 1, NULL, NULL, '/cancun-safeguards', NULL, NULL, NULL, 6, '2026-05-19 14:17:07', '2026-05-19 14:40:37'),
(8, 'Malaysia Safeguards Interpretation', 1, NULL, NULL, '/malaysia-interpretation', NULL, NULL, NULL, 6, '2026-05-19 14:17:07', '2026-05-19 14:40:37'),
(9, 'MY-SIS', 1, NULL, NULL, '#', NULL, NULL, NULL, 0, '2026-05-19 14:17:07', '2026-05-19 14:17:07'),
(10, 'What is SIS?', 1, NULL, NULL, '/what-is-sis', NULL, NULL, NULL, 9, '2026-05-19 14:17:07', '2026-05-19 14:40:11'),
(11, 'About MY-SIS', 1, NULL, NULL, '/about-my-sis', NULL, NULL, NULL, 9, '2026-05-19 14:17:07', '2026-05-19 14:40:11'),
(12, 'PC&I Status', 1, NULL, NULL, '/pci-status', NULL, NULL, NULL, 9, '2026-05-19 14:17:07', '2026-05-19 14:40:11'),
(13, 'Summary of Information (SOI)', 1, NULL, NULL, '/soi', NULL, NULL, NULL, 9, '2026-05-19 14:17:07', '2026-05-19 14:40:11'),
(14, 'Publications', 1, NULL, NULL, '/publications', NULL, NULL, NULL, 0, '2026-05-19 14:17:07', '2026-05-19 14:17:07'),
(15, 'Contact Us', 1, NULL, NULL, '/contact', NULL, NULL, NULL, 0, '2026-05-19 14:17:07', '2026-05-19 14:17:07'),
(19, 'Dynamic', 0, NULL, NULL, '/test-page', NULL, NULL, NULL, 0, '2026-05-19 15:27:39', '2026-05-19 15:29:24'),
(20, 'sub menu dynamic', 0, NULL, NULL, '/test-page', NULL, NULL, NULL, 19, '2026-05-19 15:28:35', '2026-05-19 15:29:15');

-- --------------------------------------------------------

--
-- Table structure for table `frontend_menu_category`
--

CREATE TABLE `frontend_menu_category` (
  `category_id` bigint UNSIGNED NOT NULL,
  `category_name` varchar(255) COLLATE utf8mb4_unicode_ci DEFAULT NULL,
  `category_description` varchar(255) COLLATE utf8mb4_unicode_ci DEFAULT NULL,
  `category_status` tinyint(1) NOT NULL DEFAULT '1',
  `created_at` date DEFAULT NULL,
  `created_by` int DEFAULT NULL,
  `updated_at` date DEFAULT NULL,
  `updated_by` int DEFAULT NULL
) ENGINE=InnoDB DEFAULT CHARSET=utf8mb4 COLLATE=utf8mb4_unicode_ci;

-- --------------------------------------------------------

--
-- Table structure for table `frontend_role_mapping`
--

CREATE TABLE `frontend_role_mapping` (
  `id` bigint UNSIGNED NOT NULL,
  `role_code` varchar(255) COLLATE utf8mb4_unicode_ci NOT NULL,
  `menu_set` varchar(255) COLLATE utf8mb4_unicode_ci NOT NULL,
  `menu_group` varchar(255) COLLATE utf8mb4_unicode_ci NOT NULL,
  `menu_id` bigint UNSIGNED NOT NULL,
  `parent_id` int NOT NULL DEFAULT '0',
  `sort` int DEFAULT NULL,
  `created_by` varchar(255) COLLATE utf8mb4_unicode_ci DEFAULT NULL,
  `created_at` datetime DEFAULT NULL,
  `updated_by` varchar(255) COLLATE utf8mb4_unicode_ci DEFAULT NULL,
  `updated_at` timestamp NOT NULL DEFAULT CURRENT_TIMESTAMP ON UPDATE CURRENT_TIMESTAMP,
  `page_id` int NOT NULL DEFAULT '0',
  `site_id` int NOT NULL DEFAULT '0',
  `status` tinyint(1) NOT NULL DEFAULT '1',
  `category` varchar(50) COLLATE utf8mb4_unicode_ci DEFAULT NULL
) ENGINE=InnoDB DEFAULT CHARSET=utf8mb4 COLLATE=utf8mb4_unicode_ci;

-- --------------------------------------------------------

--
-- Table structure for table `jobs`
--

CREATE TABLE `jobs` (
  `id` bigint UNSIGNED NOT NULL,
  `queue` varchar(255) COLLATE utf8mb4_unicode_ci NOT NULL,
  `payload` longtext COLLATE utf8mb4_unicode_ci NOT NULL,
  `attempts` tinyint UNSIGNED NOT NULL,
  `reserved_at` int UNSIGNED DEFAULT NULL,
  `available_at` int UNSIGNED NOT NULL,
  `created_at` int UNSIGNED NOT NULL
) ENGINE=InnoDB DEFAULT CHARSET=utf8mb4 COLLATE=utf8mb4_unicode_ci;

-- --------------------------------------------------------

--
-- Table structure for table `job_batches`
--

CREATE TABLE `job_batches` (
  `id` varchar(255) COLLATE utf8mb4_unicode_ci NOT NULL,
  `name` varchar(255) COLLATE utf8mb4_unicode_ci NOT NULL,
  `total_jobs` int NOT NULL,
  `pending_jobs` int NOT NULL,
  `failed_jobs` int NOT NULL,
  `failed_job_ids` longtext COLLATE utf8mb4_unicode_ci NOT NULL,
  `options` mediumtext COLLATE utf8mb4_unicode_ci,
  `cancelled_at` int DEFAULT NULL,
  `created_at` int NOT NULL,
  `finished_at` int DEFAULT NULL
) ENGINE=InnoDB DEFAULT CHARSET=utf8mb4 COLLATE=utf8mb4_unicode_ci;

-- --------------------------------------------------------

--
-- Table structure for table `migrations`
--

CREATE TABLE `migrations` (
  `id` int UNSIGNED NOT NULL,
  `migration` varchar(255) COLLATE utf8mb4_unicode_ci NOT NULL,
  `batch` int NOT NULL
) ENGINE=InnoDB DEFAULT CHARSET=utf8mb4 COLLATE=utf8mb4_unicode_ci;

--
-- Dumping data for table `migrations`
--

INSERT INTO `migrations` (`id`, `migration`, `batch`) VALUES
(1, '0001_01_01_000000_create_users_table', 1),
(2, '0001_01_01_000001_create_cache_table', 1),
(3, '0001_01_01_000002_create_jobs_table', 1),
(4, '2026_04_14_210645_create_backend_users_table', 1),
(5, '2026_04_22_220206_create_activity_log_table', 1),
(6, '2026_04_23_000000_create_frontend_users_table', 1),
(7, '2026_04_24_210705_create_permission_tables', 1),
(8, '2026_04_25_000001_create_backend_menu_table', 1),
(9, '2026_04_25_000002_create_backend_role_mapping_table', 1),
(10, '2026_04_25_000003_create_frontend_menu_table', 1),
(11, '2026_04_25_000004_create_frontend_role_mapping_table', 1),
(12, '2026_04_25_000005_create_frontend_menu_category_table', 1),
(13, '2026_05_11_104607_create_ref_table', 1),
(14, '2026_05_11_130658_create_content_applications_table', 1),
(15, '2026_05_11_130803_create_content_application_translations_table', 1),
(16, '2026_05_13_142707_create_content_article_table', 1),
(17, '2026_05_13_142708_create_content_article_translation_table', 1),
(18, '2026_05_14_112409_create_content_downloads_table', 1),
(19, '2026_05_14_172227_create_content_slider_table', 1),
(20, '2026_05_14_172233_create_content_slider_translation_table', 1),
(21, '2026_05_14_225313_create_content_images_table', 1),
(22, '2026_05_15_011242_create_content_video_table', 1),
(23, '2026_05_15_011337_create_content_video_translation_table', 1),
(24, '2026_05_16_172751_create_content_photo_gallery_table', 1),
(25, '2026_05_16_172752_create_content_photo_gallery_translations_table', 1),
(26, '2026_05_16_172753_create_content_photo_list_table', 1),
(27, '2026_05_17_000001_create_routes_table', 1),
(28, '2026_05_18_190730_create_visits_table', 1),
(29, '2026_05_18_194337_create_visitor_settings_table', 1);

-- --------------------------------------------------------

--
-- Table structure for table `model_has_permissions`
--

CREATE TABLE `model_has_permissions` (
  `permission_id` bigint UNSIGNED NOT NULL,
  `model_type` varchar(255) COLLATE utf8mb4_unicode_ci NOT NULL,
  `model_id` bigint UNSIGNED NOT NULL
) ENGINE=InnoDB DEFAULT CHARSET=utf8mb4 COLLATE=utf8mb4_unicode_ci;

-- --------------------------------------------------------

--
-- Table structure for table `model_has_roles`
--

CREATE TABLE `model_has_roles` (
  `role_id` bigint UNSIGNED NOT NULL,
  `model_type` varchar(255) COLLATE utf8mb4_unicode_ci NOT NULL,
  `model_id` bigint UNSIGNED NOT NULL
) ENGINE=InnoDB DEFAULT CHARSET=utf8mb4 COLLATE=utf8mb4_unicode_ci;

--
-- Dumping data for table `model_has_roles`
--

INSERT INTO `model_has_roles` (`role_id`, `model_type`, `model_id`) VALUES
(1, 'App\\Models\\Backend\\BackendUser', 1);

-- --------------------------------------------------------

--
-- Table structure for table `permissions`
--

CREATE TABLE `permissions` (
  `id` bigint UNSIGNED NOT NULL,
  `name` varchar(255) COLLATE utf8mb4_unicode_ci NOT NULL,
  `guard_name` varchar(255) COLLATE utf8mb4_unicode_ci NOT NULL,
  `created_at` timestamp NULL DEFAULT NULL,
  `updated_at` timestamp NULL DEFAULT NULL
) ENGINE=InnoDB DEFAULT CHARSET=utf8mb4 COLLATE=utf8mb4_unicode_ci;

--
-- Dumping data for table `permissions`
--

INSERT INTO `permissions` (`id`, `name`, `guard_name`, `created_at`, `updated_at`) VALUES
(1, 'backend-user.view', 'admin', '2026-05-18 18:18:52', '2026-05-18 18:18:52'),
(2, 'backend-user.create', 'admin', '2026-05-18 18:18:52', '2026-05-18 18:18:52'),
(3, 'backend-user.update', 'admin', '2026-05-18 18:18:52', '2026-05-18 18:18:52'),
(4, 'backend-user.delete', 'admin', '2026-05-18 18:18:52', '2026-05-18 18:18:52'),
(5, 'backend-menu.view', 'admin', '2026-05-18 18:18:52', '2026-05-18 18:18:52'),
(6, 'backend-menu.create', 'admin', '2026-05-18 18:18:52', '2026-05-18 18:18:52'),
(7, 'backend-menu.update', 'admin', '2026-05-18 18:18:52', '2026-05-18 18:18:52'),
(8, 'backend-menu.delete', 'admin', '2026-05-18 18:18:52', '2026-05-18 18:18:52'),
(10, 'backend-menu.roledelete', 'admin', '2026-05-18 18:20:52', '2026-05-18 18:20:52'),
(11, 'backend-menu.assign', 'admin', '2026-05-18 18:20:52', '2026-05-18 18:20:52'),
(12, 'backend-menu.level', 'admin', '2026-05-18 18:20:52', '2026-05-18 18:20:52'),
(13, 'backend-menu.disabled', 'admin', '2026-05-18 18:20:52', '2026-05-18 18:20:52'),
(14, 'activity-log.view', 'admin', '2026-05-18 18:20:52', '2026-05-18 18:20:52'),
(15, 'auto-permission.view', 'admin', '2026-05-18 18:20:52', '2026-05-18 18:20:52'),
(16, 'auto-permission.create', 'admin', '2026-05-18 18:20:52', '2026-05-18 18:20:52'),
(17, 'ref.view', 'admin', '2026-05-18 18:20:52', '2026-05-18 18:20:52'),
(18, 'ref.create', 'admin', '2026-05-18 18:20:52', '2026-05-18 18:20:52'),
(19, 'ref.update', 'admin', '2026-05-18 18:20:52', '2026-05-18 18:20:52'),
(20, 'ref.delete', 'admin', '2026-05-18 18:20:52', '2026-05-18 18:20:52'),
(21, 'role.view', 'admin', '2026-05-18 18:20:52', '2026-05-18 18:20:52'),
(22, 'role.create', 'admin', '2026-05-18 18:20:52', '2026-05-18 18:20:52'),
(23, 'role.update', 'admin', '2026-05-18 18:20:52', '2026-05-18 18:20:52'),
(24, 'role.delete', 'admin', '2026-05-18 18:20:52', '2026-05-18 18:20:52'),
(25, 'permission.view', 'admin', '2026-05-18 18:20:52', '2026-05-18 18:20:52'),
(26, 'permission.create', 'admin', '2026-05-18 18:20:52', '2026-05-18 18:20:52'),
(27, 'permission.update', 'admin', '2026-05-18 18:20:52', '2026-05-18 18:20:52'),
(28, 'permission.delete', 'admin', '2026-05-18 18:20:52', '2026-05-18 18:20:52'),
(29, 'frontend-user.view', 'admin', '2026-05-18 18:20:52', '2026-05-18 18:20:52'),
(30, 'frontend-user.create', 'admin', '2026-05-18 18:20:52', '2026-05-18 18:20:52'),
(31, 'frontend-user.update', 'admin', '2026-05-18 18:20:52', '2026-05-18 18:20:52'),
(32, 'frontend-user.delete', 'admin', '2026-05-18 18:20:52', '2026-05-18 18:20:52'),
(33, 'frontend-menu.view', 'admin', '2026-05-18 18:20:52', '2026-05-18 18:20:52'),
(34, 'frontend-menu.create', 'admin', '2026-05-18 18:20:52', '2026-05-18 18:20:52'),
(35, 'frontend-menu.update', 'admin', '2026-05-18 18:20:52', '2026-05-18 18:20:52'),
(36, 'frontend-menu.delete', 'admin', '2026-05-18 18:20:52', '2026-05-18 18:20:52'),
(37, 'frontend-menu.roledelete', 'admin', '2026-05-18 18:20:52', '2026-05-18 18:20:52'),
(38, 'frontend-menu.assign', 'admin', '2026-05-18 18:20:52', '2026-05-18 18:20:52'),
(39, 'frontend-menu.level', 'admin', '2026-05-18 18:20:52', '2026-05-18 18:20:52'),
(40, 'frontend-menu.disabled', 'admin', '2026-05-18 18:20:52', '2026-05-18 18:20:52'),
(41, 'frontend-menu.article-item', 'admin', '2026-05-18 18:20:52', '2026-05-18 18:20:52'),
(42, 'frontend-menu.slider-item', 'admin', '2026-05-18 18:20:52', '2026-05-18 18:20:52'),
(43, 'menu-category.view', 'admin', '2026-05-18 18:20:52', '2026-05-18 18:20:52'),
(44, 'menu-category.create', 'admin', '2026-05-18 18:20:52', '2026-05-18 18:20:52'),
(45, 'menu-category.update', 'admin', '2026-05-18 18:20:52', '2026-05-18 18:20:52'),
(46, 'menu-category.delete', 'admin', '2026-05-18 18:20:52', '2026-05-18 18:20:52'),
(47, 'file.view', 'admin', '2026-05-18 18:20:52', '2026-05-18 18:20:52'),
(48, 'route.view', 'admin', '2026-05-18 18:20:52', '2026-05-18 18:20:52'),
(49, 'route.create', 'admin', '2026-05-18 18:20:52', '2026-05-18 18:20:52'),
(50, 'route.update', 'admin', '2026-05-18 18:20:52', '2026-05-18 18:20:52'),
(51, 'route.delete', 'admin', '2026-05-18 18:20:52', '2026-05-18 18:20:52'),
(52, 'content-article.view', 'admin', '2026-05-18 18:20:52', '2026-05-18 18:20:52'),
(53, 'content-article.create', 'admin', '2026-05-18 18:20:52', '2026-05-18 18:20:52'),
(54, 'content-article.update', 'admin', '2026-05-18 18:20:52', '2026-05-18 18:20:52'),
(55, 'content-article.delete', 'admin', '2026-05-18 18:20:52', '2026-05-18 18:20:52'),
(56, 'content-application.view', 'admin', '2026-05-18 18:20:52', '2026-05-18 18:20:52'),
(57, 'content-application.create', 'admin', '2026-05-18 18:20:52', '2026-05-18 18:20:52'),
(58, 'content-application.update', 'admin', '2026-05-18 18:20:52', '2026-05-18 18:20:52'),
(59, 'content-application.delete', 'admin', '2026-05-18 18:20:52', '2026-05-18 18:20:52'),
(60, 'content-download.view', 'admin', '2026-05-18 18:20:52', '2026-05-18 18:20:52'),
(61, 'content-download.create', 'admin', '2026-05-18 18:20:52', '2026-05-18 18:20:52'),
(62, 'content-download.update', 'admin', '2026-05-18 18:20:52', '2026-05-18 18:20:52'),
(63, 'content-download.delete', 'admin', '2026-05-18 18:20:52', '2026-05-18 18:20:52'),
(64, 'content-photo-gallery.view', 'admin', '2026-05-18 18:20:52', '2026-05-18 18:20:52'),
(65, 'content-photo-gallery.create', 'admin', '2026-05-18 18:20:52', '2026-05-18 18:20:52'),
(66, 'content-photo-gallery.update', 'admin', '2026-05-18 18:20:52', '2026-05-18 18:20:52'),
(67, 'content-photo-gallery.delete', 'admin', '2026-05-18 18:20:52', '2026-05-18 18:20:52'),
(68, 'content-photo-list.view', 'admin', '2026-05-18 18:20:52', '2026-05-18 18:20:52'),
(69, 'content-photo-list.create', 'admin', '2026-05-18 18:20:52', '2026-05-18 18:20:52'),
(70, 'content-photo-list.update', 'admin', '2026-05-18 18:20:52', '2026-05-18 18:20:52'),
(71, 'content-photo-list.delete', 'admin', '2026-05-18 18:20:52', '2026-05-18 18:20:52'),
(72, 'content-slider.view', 'admin', '2026-05-18 18:20:52', '2026-05-18 18:20:52'),
(73, 'content-slider.create', 'admin', '2026-05-18 18:20:52', '2026-05-18 18:20:52'),
(74, 'content-slider.update', 'admin', '2026-05-18 18:20:52', '2026-05-18 18:20:52'),
(75, 'content-slider.delete', 'admin', '2026-05-18 18:20:52', '2026-05-18 18:20:52'),
(76, 'content-image.view', 'admin', '2026-05-18 18:20:52', '2026-05-18 18:20:52'),
(77, 'content-image.create', 'admin', '2026-05-18 18:20:52', '2026-05-18 18:20:52'),
(78, 'content-image.update', 'admin', '2026-05-18 18:20:52', '2026-05-18 18:20:52'),
(79, 'content-image.delete', 'admin', '2026-05-18 18:20:52', '2026-05-18 18:20:52'),
(80, 'content-video.view', 'admin', '2026-05-18 18:20:52', '2026-05-18 18:20:52'),
(81, 'content-video.create', 'admin', '2026-05-18 18:20:52', '2026-05-18 18:20:52'),
(82, 'content-video.update', 'admin', '2026-05-18 18:20:52', '2026-05-18 18:20:52'),
(83, 'content-video.delete', 'admin', '2026-05-18 18:20:52', '2026-05-18 18:20:52'),
(84, 'visitor.view', 'admin', '2026-05-18 18:20:52', '2026-05-18 18:20:52'),
(85, 'visitor.update', 'admin', '2026-05-18 18:20:52', '2026-05-18 18:20:52'),
(86, 'visitor.delete', 'admin', '2026-05-18 18:20:52', '2026-05-18 18:20:52');

-- --------------------------------------------------------

--
-- Table structure for table `ref`
--

CREATE TABLE `ref` (
  `id` bigint UNSIGNED NOT NULL,
  `cat` varchar(255) COLLATE utf8mb4_unicode_ci DEFAULT NULL,
  `code` varchar(255) COLLATE utf8mb4_unicode_ci DEFAULT NULL,
  `descr` varchar(255) COLLATE utf8mb4_unicode_ci DEFAULT NULL,
  `descr_en` varchar(255) COLLATE utf8mb4_unicode_ci DEFAULT NULL,
  `sort` int DEFAULT NULL,
  `parent` varchar(255) COLLATE utf8mb4_unicode_ci DEFAULT NULL,
  `icon_name` varchar(255) COLLATE utf8mb4_unicode_ci DEFAULT NULL,
  `created_by` varchar(255) COLLATE utf8mb4_unicode_ci DEFAULT NULL,
  `updated_by` varchar(255) COLLATE utf8mb4_unicode_ci DEFAULT NULL,
  `created_at` timestamp NULL DEFAULT NULL,
  `updated_at` timestamp NULL DEFAULT NULL,
  `deleted_at` int DEFAULT NULL
) ENGINE=InnoDB DEFAULT CHARSET=utf8mb4 COLLATE=utf8mb4_unicode_ci;

--
-- Dumping data for table `ref`
--

INSERT INTO `ref` (`id`, `cat`, `code`, `descr`, `descr_en`, `sort`, `parent`, `icon_name`, `created_by`, `updated_by`, `created_at`, `updated_at`, `deleted_at`) VALUES
(1, 'LANGUAGE', 'BM', 'Melayu', 'Malay', 1, NULL, NULL, 'superadmin', 'superadmin', '2026-05-18 19:34:24', '2026-05-18 19:34:24', NULL),
(2, 'article_status', 'Published', 'Published', 'Published', 1, NULL, NULL, 'superadmin', 'superadmin', '2026-05-18 19:35:57', '2026-05-18 19:35:57', NULL),
(3, 'article_code', 'home', 'home', 'home', 1, NULL, NULL, 'superadmin', 'superadmin', '2026-05-18 19:36:12', '2026-05-18 19:36:12', NULL);

-- --------------------------------------------------------

--
-- Table structure for table `roles`
--

CREATE TABLE `roles` (
  `id` bigint UNSIGNED NOT NULL,
  `name` varchar(255) COLLATE utf8mb4_unicode_ci NOT NULL,
  `guard_name` varchar(255) COLLATE utf8mb4_unicode_ci NOT NULL,
  `created_at` timestamp NULL DEFAULT NULL,
  `updated_at` timestamp NULL DEFAULT NULL
) ENGINE=InnoDB DEFAULT CHARSET=utf8mb4 COLLATE=utf8mb4_unicode_ci;

--
-- Dumping data for table `roles`
--

INSERT INTO `roles` (`id`, `name`, `guard_name`, `created_at`, `updated_at`) VALUES
(1, 'super-admin', 'admin', '2026-05-18 18:20:52', '2026-05-18 18:20:52'),
(2, 'editor', 'admin', '2026-05-18 18:20:52', '2026-05-18 18:20:52'),
(3, 'viewer', 'admin', '2026-05-18 18:20:52', '2026-05-18 18:20:52');

-- --------------------------------------------------------

--
-- Table structure for table `role_has_permissions`
--

CREATE TABLE `role_has_permissions` (
  `permission_id` bigint UNSIGNED NOT NULL,
  `role_id` bigint UNSIGNED NOT NULL
) ENGINE=InnoDB DEFAULT CHARSET=utf8mb4 COLLATE=utf8mb4_unicode_ci;

--
-- Dumping data for table `role_has_permissions`
--

INSERT INTO `role_has_permissions` (`permission_id`, `role_id`) VALUES
(1, 1),
(2, 1),
(3, 1),
(4, 1),
(5, 1),
(6, 1),
(7, 1),
(8, 1),
(10, 1),
(11, 1),
(12, 1),
(13, 1),
(14, 1),
(15, 1),
(16, 1),
(17, 1),
(18, 1),
(19, 1),
(20, 1),
(21, 1),
(22, 1),
(23, 1),
(24, 1),
(25, 1),
(26, 1),
(27, 1),
(28, 1),
(29, 1),
(30, 1),
(31, 1),
(32, 1),
(33, 1),
(34, 1),
(35, 1),
(36, 1),
(37, 1),
(38, 1),
(39, 1),
(40, 1),
(41, 1),
(42, 1),
(43, 1),
(44, 1),
(45, 1),
(46, 1),
(47, 1),
(48, 1),
(49, 1),
(50, 1),
(51, 1),
(52, 1),
(53, 1),
(54, 1),
(55, 1),
(56, 1),
(57, 1),
(58, 1),
(59, 1),
(60, 1),
(61, 1),
(62, 1),
(63, 1),
(64, 1),
(65, 1),
(66, 1),
(67, 1),
(68, 1),
(69, 1),
(70, 1),
(71, 1),
(72, 1),
(73, 1),
(74, 1),
(75, 1),
(76, 1),
(77, 1),
(78, 1),
(79, 1),
(80, 1),
(81, 1),
(82, 1),
(83, 1),
(84, 1),
(85, 1),
(86, 1),
(1, 2),
(2, 2),
(3, 2),
(14, 2),
(1, 3),
(14, 3);

-- --------------------------------------------------------

--
-- Table structure for table `routes`
--

CREATE TABLE `routes` (
  `id` bigint UNSIGNED NOT NULL,
  `name` varchar(255) COLLATE utf8mb4_unicode_ci DEFAULT NULL,
  `uri` varchar(255) COLLATE utf8mb4_unicode_ci DEFAULT NULL,
  `method` varchar(50) COLLATE utf8mb4_unicode_ci DEFAULT NULL,
  `controller` varchar(255) COLLATE utf8mb4_unicode_ci DEFAULT NULL,
  `action` varchar(255) COLLATE utf8mb4_unicode_ci DEFAULT NULL,
  `middleware` varchar(255) COLLATE utf8mb4_unicode_ci DEFAULT NULL,
  `type` varchar(20) COLLATE utf8mb4_unicode_ci NOT NULL DEFAULT 'web',
  `status` tinyint(1) NOT NULL DEFAULT '1',
  `alias` varchar(255) COLLATE utf8mb4_unicode_ci DEFAULT NULL,
  `created_at` timestamp NULL DEFAULT NULL,
  `updated_at` timestamp NULL DEFAULT NULL,
  `deleted_at` timestamp NULL DEFAULT NULL
) ENGINE=InnoDB DEFAULT CHARSET=utf8mb4 COLLATE=utf8mb4_unicode_ci;

-- --------------------------------------------------------

--
-- Table structure for table `sessions`
--

CREATE TABLE `sessions` (
  `id` varchar(255) COLLATE utf8mb4_unicode_ci NOT NULL,
  `user_id` bigint UNSIGNED DEFAULT NULL,
  `ip_address` varchar(45) COLLATE utf8mb4_unicode_ci DEFAULT NULL,
  `user_agent` text COLLATE utf8mb4_unicode_ci,
  `payload` longtext COLLATE utf8mb4_unicode_ci NOT NULL,
  `last_activity` int NOT NULL
) ENGINE=InnoDB DEFAULT CHARSET=utf8mb4 COLLATE=utf8mb4_unicode_ci;

--
-- Dumping data for table `sessions`
--

INSERT INTO `sessions` (`id`, `user_id`, `ip_address`, `user_agent`, `payload`, `last_activity`) VALUES
('POLhRbIMZH34SwQo63VHyiDJ1mrmBTrWcRYCZuod', 1, '127.0.0.1', 'Mozilla/5.0 (Windows NT 10.0; Win64; x64) AppleWebKit/537.36 (KHTML, like Gecko) Chrome/148.0.0.0 Safari/537.36', 'eyJfdG9rZW4iOiJZbG5HQXhKcFJobVBCUUhRR3BIaW5WNGtCZm91T1A4ZzQ5VXIxZWl4IiwiZmxhc2hlcjo6ZW52ZWxvcGVzIjpbXSwiX3ByZXZpb3VzIjp7InVybCI6Imh0dHA6XC9cLzEyNy4wLjAuMTo4MDAwXC9hZG1pblwvY29udGVudC1hcnRpY2xlP3BhZ2U9MSIsInJvdXRlIjoiY29udGVudC1hcnRpY2xlLmluZGV4In0sIl9mbGFzaCI6eyJvbGQiOltdLCJuZXciOltdfSwidXJsIjpbXSwibG9naW5fYWRtaW5fNTliYTM2YWRkYzJiMmY5NDAxNTgwZjAxNGM3ZjU4ZWE0ZTMwOTg5ZCI6MSwidmlzaXRfbG9nZ2VkIjp0cnVlLCJ2aXNpdF8yMDI2LTA1LTE5XzEyNyI6W1t7IjEiOnRydWV9XV19', 1779208280);

-- --------------------------------------------------------

--
-- Table structure for table `visitor_settings`
--

CREATE TABLE `visitor_settings` (
  `id` bigint UNSIGNED NOT NULL,
  `is_active` tinyint(1) NOT NULL DEFAULT '1',
  `created_at` timestamp NULL DEFAULT NULL,
  `updated_at` timestamp NULL DEFAULT NULL
) ENGINE=InnoDB DEFAULT CHARSET=utf8mb4 COLLATE=utf8mb4_unicode_ci;

--
-- Dumping data for table `visitor_settings`
--

INSERT INTO `visitor_settings` (`id`, `is_active`, `created_at`, `updated_at`) VALUES
(1, 1, NULL, '2026-05-19 12:55:59');

-- --------------------------------------------------------

--
-- Table structure for table `visits`
--

CREATE TABLE `visits` (
  `id` bigint UNSIGNED NOT NULL,
  `method` varchar(255) COLLATE utf8mb4_unicode_ci DEFAULT NULL,
  `request` mediumtext COLLATE utf8mb4_unicode_ci,
  `url` mediumtext COLLATE utf8mb4_unicode_ci,
  `referer` mediumtext COLLATE utf8mb4_unicode_ci,
  `languages` text COLLATE utf8mb4_unicode_ci,
  `useragent` text COLLATE utf8mb4_unicode_ci,
  `headers` text COLLATE utf8mb4_unicode_ci,
  `device` text COLLATE utf8mb4_unicode_ci,
  `platform` text COLLATE utf8mb4_unicode_ci,
  `browser` text COLLATE utf8mb4_unicode_ci,
  `ip` varchar(45) COLLATE utf8mb4_unicode_ci DEFAULT NULL,
  `geo_raw` json DEFAULT NULL COMMENT 'Optional GeoIP payload',
  `visitable_type` varchar(255) COLLATE utf8mb4_unicode_ci DEFAULT NULL,
  `visitable_id` bigint UNSIGNED DEFAULT NULL,
  `visitor_type` varchar(255) COLLATE utf8mb4_unicode_ci DEFAULT NULL,
  `visitor_id` bigint UNSIGNED DEFAULT NULL,
  `created_at` timestamp NULL DEFAULT NULL,
  `updated_at` timestamp NULL DEFAULT NULL
) ENGINE=InnoDB DEFAULT CHARSET=utf8mb4 COLLATE=utf8mb4_unicode_ci;

--
-- Dumping data for table `visits`
--

INSERT INTO `visits` (`id`, `method`, `request`, `url`, `referer`, `languages`, `useragent`, `headers`, `device`, `platform`, `browser`, `ip`, `geo_raw`, `visitable_type`, `visitable_id`, `visitor_type`, `visitor_id`, `created_at`, `updated_at`) VALUES
(1, 'GET', '[]', 'http://127.0.0.1:8000/benefits-redd-plus', 'http://127.0.0.1:8000/benefits-redd-plus', '[\"en_US\",\"en\"]', 'Mozilla/5.0 (Windows NT 10.0; Win64; x64) AppleWebKit/537.36 (KHTML, like Gecko) Chrome/148.0.0.0 Safari/537.36', '{\"host\":[\"127.0.0.1:8000\"],\"connection\":[\"keep-alive\"],\"cache-control\":[\"max-age=0\"],\"sec-ch-ua\":[\"\\\"Chromium\\\";v=\\\"148\\\", \\\"Google Chrome\\\";v=\\\"148\\\", \\\"Not\\/A)Brand\\\";v=\\\"99\\\"\"],\"sec-ch-ua-mobile\":[\"?0\"],\"sec-ch-ua-platform\":[\"\\\"Windows\\\"\"],\"upgrade-insecure-requests\":[\"1\"],\"user-agent\":[\"Mozilla\\/5.0 (Windows NT 10.0; Win64; x64) AppleWebKit\\/537.36 (KHTML, like Gecko) Chrome\\/148.0.0.0 Safari\\/537.36\"],\"accept\":[\"text\\/html,application\\/xhtml+xml,application\\/xml;q=0.9,image\\/avif,image\\/webp,image\\/apng,*\\/*;q=0.8,application\\/signed-exchange;v=b3;q=0.7\"],\"sec-fetch-site\":[\"same-origin\"],\"sec-fetch-mode\":[\"navigate\"],\"sec-fetch-user\":[\"?1\"],\"sec-fetch-dest\":[\"document\"],\"referer\":[\"http:\\/\\/127.0.0.1:8000\\/benefits-redd-plus\"],\"accept-encoding\":[\"gzip, deflate, br, zstd\"],\"accept-language\":[\"en-US,en;q=0.9\"],\"cookie\":[\"XSRF-TOKEN=eyJpdiI6ImVOeXZsQ2JRV0pXOWwwZFlha1dqWUE9PSIsInZhbHVlIjoicTBxR0ZpWXZtOUUybzNNRlJQakp3NnN6dFRHZVIwOVhtZzJWeTRGeEJ2YWlUcDZYL0RUN2tZMHVUU0dORHlPQXphSnd6REh1YTVNRGUrcWFsUEFlR0duSThUcDhlTW5MUTViYkVwQlFRTWtUdCs2c1dLV1FlclR5M1FvL2xPdlUiLCJtYWMiOiI5NWFmMDgzYTVmYTkzZmFjODcxYTgwM2Q2MmI5Y2RlYjkzY2U1MzlhOGIyZmZkNzU4ODg1NmI0NmI1Mjg1OTFiIiwidGFnIjoiIn0%3D; laravel-session=eyJpdiI6InZUYVU2VnNQQXArcFY1U05NQk1KekE9PSIsInZhbHVlIjoiajAyeTlnUlp0OG5yQ3J1aWtWamN2TGltVUN4YVNhcDArSk1XZ3d2Wmx0cEJaem53eEc0YXRlNDZNamVHWDFVUmt6R0JEaG03ZUNSeFk0RzJpcmZ5MnpUVVhFcHlDaUFCOVBwUXhSUU13MlV6dUZuYWkwWndaZEJnRnF0TkpXbm4iLCJtYWMiOiI4MWM2MTU5ZDFmYTZkZjkwYmFhNDE2ZGUzNTk4YTdiNzJjMzE3YjAyOGQ0ZGNlMTVmZTFiZTFiODQwNjIwNTg2IiwidGFnIjoiIn0%3D\"]}', 'Desktop', 'Windows', 'Chrome', '127.0.0.1', NULL, NULL, NULL, NULL, NULL, '2026-05-19 14:09:15', '2026-05-19 14:09:15');

--
-- Indexes for dumped tables
--

--
-- Indexes for table `activity_log`
--
ALTER TABLE `activity_log`
  ADD PRIMARY KEY (`id`),
  ADD KEY `subject` (`subject_type`,`subject_id`),
  ADD KEY `causer` (`causer_type`,`causer_id`),
  ADD KEY `activity_log_ip_address_index` (`ip_address`),
  ADD KEY `activity_log_created_at_index` (`created_at`),
  ADD KEY `activity_log_log_name_index` (`log_name`);

--
-- Indexes for table `backend_menu`
--
ALTER TABLE `backend_menu`
  ADD PRIMARY KEY (`menu_id`);

--
-- Indexes for table `backend_role_mapping`
--
ALTER TABLE `backend_role_mapping`
  ADD PRIMARY KEY (`id`),
  ADD KEY `backend_role_mapping_menu_id_foreign` (`menu_id`);

--
-- Indexes for table `content_applications`
--
ALTER TABLE `content_applications`
  ADD PRIMARY KEY (`application_id`);

--
-- Indexes for table `content_application_translations`
--
ALTER TABLE `content_application_translations`
  ADD PRIMARY KEY (`application_translation_id`);

--
-- Indexes for table `content_article`
--
ALTER TABLE `content_article`
  ADD PRIMARY KEY (`article_id`);

--
-- Indexes for table `content_article_translation`
--
ALTER TABLE `content_article_translation`
  ADD PRIMARY KEY (`article_translation_id`);

--
-- Indexes for table `content_downloads`
--
ALTER TABLE `content_downloads`
  ADD PRIMARY KEY (`download_id`);

--
-- Indexes for table `content_images`
--
ALTER TABLE `content_images`
  ADD PRIMARY KEY (`image_id`);

--
-- Indexes for table `content_photo_gallery`
--
ALTER TABLE `content_photo_gallery`
  ADD PRIMARY KEY (`gallery_id`);

--
-- Indexes for table `content_photo_gallery_translations`
--
ALTER TABLE `content_photo_gallery_translations`
  ADD PRIMARY KEY (`gallery_translation_id`),
  ADD KEY `fk_gallery_trans_parent` (`gallery_translation_parent_id`);

--
-- Indexes for table `content_photo_list`
--
ALTER TABLE `content_photo_list`
  ADD PRIMARY KEY (`photo_id`);

--
-- Indexes for table `content_slider`
--
ALTER TABLE `content_slider`
  ADD PRIMARY KEY (`slider_id`);

--
-- Indexes for table `content_slider_translation`
--
ALTER TABLE `content_slider_translation`
  ADD PRIMARY KEY (`slider_translation_id`);

--
-- Indexes for table `content_video`
--
ALTER TABLE `content_video`
  ADD PRIMARY KEY (`video_id`);

--
-- Indexes for table `content_video_translation`
--
ALTER TABLE `content_video_translation`
  ADD PRIMARY KEY (`video_translation_id`);

--
-- Indexes for table `failed_jobs`
--
ALTER TABLE `failed_jobs`
  ADD PRIMARY KEY (`id`),
  ADD UNIQUE KEY `failed_jobs_uuid_unique` (`uuid`);

--
-- Indexes for table `frontend_menu`
--
ALTER TABLE `frontend_menu`
  ADD PRIMARY KEY (`menu_id`);

--
-- Indexes for table `frontend_menu_category`
--
ALTER TABLE `frontend_menu_category`
  ADD PRIMARY KEY (`category_id`);

--
-- Indexes for table `frontend_role_mapping`
--
ALTER TABLE `frontend_role_mapping`
  ADD PRIMARY KEY (`id`),
  ADD KEY `frontend_role_mapping_menu_id_foreign` (`menu_id`);

--
-- Indexes for table `jobs`
--
ALTER TABLE `jobs`
  ADD PRIMARY KEY (`id`),
  ADD KEY `jobs_queue_index` (`queue`);

--
-- Indexes for table `job_batches`
--
ALTER TABLE `job_batches`
  ADD PRIMARY KEY (`id`);

--
-- Indexes for table `migrations`
--
ALTER TABLE `migrations`
  ADD PRIMARY KEY (`id`);

--
-- Indexes for table `model_has_permissions`
--
ALTER TABLE `model_has_permissions`
  ADD PRIMARY KEY (`permission_id`,`model_id`,`model_type`),
  ADD KEY `model_has_permissions_model_id_model_type_index` (`model_id`,`model_type`);

--
-- Indexes for table `model_has_roles`
--
ALTER TABLE `model_has_roles`
  ADD PRIMARY KEY (`role_id`,`model_id`,`model_type`),
  ADD KEY `model_has_roles_model_id_model_type_index` (`model_id`,`model_type`);

--
-- Indexes for table `permissions`
--
ALTER TABLE `permissions`
  ADD PRIMARY KEY (`id`),
  ADD UNIQUE KEY `permissions_name_guard_name_unique` (`name`,`guard_name`);

--
-- Indexes for table `ref`
--
ALTER TABLE `ref`
  ADD PRIMARY KEY (`id`),
  ADD KEY `ref_cat_index` (`cat`),
  ADD KEY `ref_code_index` (`code`),
  ADD KEY `ref_parent_index` (`parent`),
  ADD KEY `ref_sort_index` (`sort`),
  ADD KEY `ref_deleted_at_index` (`deleted_at`),
  ADD KEY `ref_cat_sort_index` (`cat`,`sort`),
  ADD KEY `ref_parent_sort_index` (`parent`,`sort`);

--
-- Indexes for table `roles`
--
ALTER TABLE `roles`
  ADD PRIMARY KEY (`id`),
  ADD UNIQUE KEY `roles_name_guard_name_unique` (`name`,`guard_name`);

--
-- Indexes for table `role_has_permissions`
--
ALTER TABLE `role_has_permissions`
  ADD PRIMARY KEY (`permission_id`,`role_id`),
  ADD KEY `role_has_permissions_role_id_foreign` (`role_id`);

--
-- Indexes for table `routes`
--
ALTER TABLE `routes`
  ADD PRIMARY KEY (`id`),
  ADD KEY `routes_name_index` (`name`),
  ADD KEY `routes_uri_index` (`uri`),
  ADD KEY `routes_method_index` (`method`),
  ADD KEY `routes_type_index` (`type`),
  ADD KEY `routes_status_index` (`status`),
  ADD KEY `routes_deleted_at_index` (`deleted_at`),
  ADD KEY `routes_type_status_index` (`type`,`status`);

--
-- Indexes for table `sessions`
--
ALTER TABLE `sessions`
  ADD PRIMARY KEY (`id`),
  ADD KEY `sessions_user_id_index` (`user_id`),
  ADD KEY `sessions_last_activity_index` (`last_activity`);

--
-- Indexes for table `visitor_settings`
--
ALTER TABLE `visitor_settings`
  ADD PRIMARY KEY (`id`);

--
-- Indexes for table `visits`
--
ALTER TABLE `visits`
  ADD PRIMARY KEY (`id`),
  ADD KEY `visits_visitable_type_visitable_id_index` (`visitable_type`,`visitable_id`),
  ADD KEY `visits_visitor_type_visitor_id_index` (`visitor_type`,`visitor_id`);

--
-- AUTO_INCREMENT for dumped tables
--

--
-- AUTO_INCREMENT for table `activity_log`
--
ALTER TABLE `activity_log`
  MODIFY `id` bigint UNSIGNED NOT NULL AUTO_INCREMENT, AUTO_INCREMENT=5;

--
-- AUTO_INCREMENT for table `backend_menu`
--
ALTER TABLE `backend_menu`
  MODIFY `menu_id` bigint UNSIGNED NOT NULL AUTO_INCREMENT, AUTO_INCREMENT=26;

--
-- AUTO_INCREMENT for table `backend_role_mapping`
--
ALTER TABLE `backend_role_mapping`
  MODIFY `id` bigint UNSIGNED NOT NULL AUTO_INCREMENT, AUTO_INCREMENT=26;

--
-- AUTO_INCREMENT for table `content_applications`
--
ALTER TABLE `content_applications`
  MODIFY `application_id` int UNSIGNED NOT NULL AUTO_INCREMENT;

--
-- AUTO_INCREMENT for table `content_application_translations`
--
ALTER TABLE `content_application_translations`
  MODIFY `application_translation_id` int UNSIGNED NOT NULL AUTO_INCREMENT;

--
-- AUTO_INCREMENT for table `content_article`
--
ALTER TABLE `content_article`
  MODIFY `article_id` bigint UNSIGNED NOT NULL AUTO_INCREMENT, AUTO_INCREMENT=14;

--
-- AUTO_INCREMENT for table `content_article_translation`
--
ALTER TABLE `content_article_translation`
  MODIFY `article_translation_id` bigint UNSIGNED NOT NULL AUTO_INCREMENT, AUTO_INCREMENT=18;

--
-- AUTO_INCREMENT for table `content_downloads`
--
ALTER TABLE `content_downloads`
  MODIFY `download_id` bigint UNSIGNED NOT NULL AUTO_INCREMENT;

--
-- AUTO_INCREMENT for table `content_images`
--
ALTER TABLE `content_images`
  MODIFY `image_id` int UNSIGNED NOT NULL AUTO_INCREMENT;

--
-- AUTO_INCREMENT for table `content_photo_gallery`
--
ALTER TABLE `content_photo_gallery`
  MODIFY `gallery_id` int UNSIGNED NOT NULL AUTO_INCREMENT;

--
-- AUTO_INCREMENT for table `content_photo_gallery_translations`
--
ALTER TABLE `content_photo_gallery_translations`
  MODIFY `gallery_translation_id` bigint UNSIGNED NOT NULL AUTO_INCREMENT;

--
-- AUTO_INCREMENT for table `content_photo_list`
--
ALTER TABLE `content_photo_list`
  MODIFY `photo_id` int UNSIGNED NOT NULL AUTO_INCREMENT;

--
-- AUTO_INCREMENT for table `content_slider`
--
ALTER TABLE `content_slider`
  MODIFY `slider_id` int UNSIGNED NOT NULL AUTO_INCREMENT;

--
-- AUTO_INCREMENT for table `content_slider_translation`
--
ALTER TABLE `content_slider_translation`
  MODIFY `slider_translation_id` int UNSIGNED NOT NULL AUTO_INCREMENT;

--
-- AUTO_INCREMENT for table `content_video`
--
ALTER TABLE `content_video`
  MODIFY `video_id` int NOT NULL AUTO_INCREMENT;

--
-- AUTO_INCREMENT for table `content_video_translation`
--
ALTER TABLE `content_video_translation`
  MODIFY `video_translation_id` int NOT NULL AUTO_INCREMENT;

--
-- AUTO_INCREMENT for table `failed_jobs`
--
ALTER TABLE `failed_jobs`
  MODIFY `id` bigint UNSIGNED NOT NULL AUTO_INCREMENT;

--
-- AUTO_INCREMENT for table `frontend_menu`
--
ALTER TABLE `frontend_menu`
  MODIFY `menu_id` bigint UNSIGNED NOT NULL AUTO_INCREMENT, AUTO_INCREMENT=21;

--
-- AUTO_INCREMENT for table `frontend_menu_category`
--
ALTER TABLE `frontend_menu_category`
  MODIFY `category_id` bigint UNSIGNED NOT NULL AUTO_INCREMENT;

--
-- AUTO_INCREMENT for table `frontend_role_mapping`
--
ALTER TABLE `frontend_role_mapping`
  MODIFY `id` bigint UNSIGNED NOT NULL AUTO_INCREMENT;

--
-- AUTO_INCREMENT for table `jobs`
--
ALTER TABLE `jobs`
  MODIFY `id` bigint UNSIGNED NOT NULL AUTO_INCREMENT;

--
-- AUTO_INCREMENT for table `migrations`
--
ALTER TABLE `migrations`
  MODIFY `id` int UNSIGNED NOT NULL AUTO_INCREMENT, AUTO_INCREMENT=30;

--
-- AUTO_INCREMENT for table `permissions`
--
ALTER TABLE `permissions`
  MODIFY `id` bigint UNSIGNED NOT NULL AUTO_INCREMENT, AUTO_INCREMENT=87;

--
-- AUTO_INCREMENT for table `ref`
--
ALTER TABLE `ref`
  MODIFY `id` bigint UNSIGNED NOT NULL AUTO_INCREMENT, AUTO_INCREMENT=4;

--
-- AUTO_INCREMENT for table `roles`
--
ALTER TABLE `roles`
  MODIFY `id` bigint UNSIGNED NOT NULL AUTO_INCREMENT, AUTO_INCREMENT=4;

--
-- AUTO_INCREMENT for table `routes`
--
ALTER TABLE `routes`
  MODIFY `id` bigint UNSIGNED NOT NULL AUTO_INCREMENT;

--
-- AUTO_INCREMENT for table `visitor_settings`
--
ALTER TABLE `visitor_settings`
  MODIFY `id` bigint UNSIGNED NOT NULL AUTO_INCREMENT, AUTO_INCREMENT=2;

--
-- AUTO_INCREMENT for table `visits`
--
ALTER TABLE `visits`
  MODIFY `id` bigint UNSIGNED NOT NULL AUTO_INCREMENT, AUTO_INCREMENT=2;

--
-- Constraints for dumped tables
--

--
-- Constraints for table `backend_role_mapping`
--
ALTER TABLE `backend_role_mapping`
  ADD CONSTRAINT `backend_role_mapping_menu_id_foreign` FOREIGN KEY (`menu_id`) REFERENCES `backend_menu` (`menu_id`) ON DELETE CASCADE ON UPDATE CASCADE;

--
-- Constraints for table `content_photo_gallery_translations`
--
ALTER TABLE `content_photo_gallery_translations`
  ADD CONSTRAINT `fk_gallery_trans_parent` FOREIGN KEY (`gallery_translation_parent_id`) REFERENCES `content_photo_gallery` (`gallery_id`) ON DELETE CASCADE;

--
-- Constraints for table `frontend_role_mapping`
--
ALTER TABLE `frontend_role_mapping`
  ADD CONSTRAINT `frontend_role_mapping_menu_id_foreign` FOREIGN KEY (`menu_id`) REFERENCES `frontend_menu` (`menu_id`) ON DELETE CASCADE ON UPDATE CASCADE;

--
-- Constraints for table `model_has_permissions`
--
ALTER TABLE `model_has_permissions`
  ADD CONSTRAINT `model_has_permissions_permission_id_foreign` FOREIGN KEY (`permission_id`) REFERENCES `permissions` (`id`) ON DELETE CASCADE;

--
-- Constraints for table `model_has_roles`
--
ALTER TABLE `model_has_roles`
  ADD CONSTRAINT `model_has_roles_role_id_foreign` FOREIGN KEY (`role_id`) REFERENCES `roles` (`id`) ON DELETE CASCADE;

--
-- Constraints for table `role_has_permissions`
--
ALTER TABLE `role_has_permissions`
  ADD CONSTRAINT `role_has_permissions_permission_id_foreign` FOREIGN KEY (`permission_id`) REFERENCES `permissions` (`id`) ON DELETE CASCADE,
  ADD CONSTRAINT `role_has_permissions_role_id_foreign` FOREIGN KEY (`role_id`) REFERENCES `roles` (`id`) ON DELETE CASCADE;
COMMIT;

